Last updated on 2025-05-10 19:51:10 CEST.
Flavor | Version | Tinstall | Tcheck | Ttotal | Status | Flags |
---|---|---|---|---|---|---|
r-devel-linux-x86_64-debian-clang | 0.2.1 | 7.30 | 413.67 | 420.97 | NOTE | |
r-devel-linux-x86_64-debian-gcc | 0.2.1 | 3.91 | 286.22 | 290.13 | NOTE | |
r-devel-linux-x86_64-fedora-clang | 0.2.1 | 678.29 | NOTE | |||
r-devel-linux-x86_64-fedora-gcc | 0.2.1 | 687.04 | NOTE | |||
r-devel-windows-x86_64 | 0.2.1 | 9.00 | 670.00 | 679.00 | NOTE | |
r-patched-linux-x86_64 | 0.2.1 | 6.59 | 400.68 | 407.27 | NOTE | |
r-release-linux-x86_64 | 0.2.1 | 6.09 | 398.86 | 404.95 | NOTE | |
r-release-macos-arm64 | 0.2.1 | 201.00 | NOTE | |||
r-release-macos-x86_64 | 0.2.1 | 389.00 | NOTE | |||
r-release-windows-x86_64 | 0.2.1 | 8.00 | 686.00 | 694.00 | NOTE | |
r-oldrel-macos-arm64 | 0.2.1 | 181.00 | OK | |||
r-oldrel-macos-x86_64 | 0.2.1 | 551.00 | OK | |||
r-oldrel-windows-x86_64 | 0.2.1 | 11.00 | 829.00 | 840.00 | OK |
Version: 0.2.1
Check: CRAN incoming feasibility
Result: NOTE
Maintainer: ‘Thomas Arsouze <thomas.arsouze@cirad.fr>’
The BugReports field in DESCRIPTION has
https://github.com/umr-amap/StormR/issues/new/choose
which should likely be
https://github.com/umr-amap/StormR/issues/new/choose/issues
instead.
Flavors: r-devel-linux-x86_64-debian-clang, r-devel-linux-x86_64-debian-gcc
Version: 0.2.1
Check: DESCRIPTION meta-information
Result: NOTE
Missing dependency on R >= 4.1.0 because package code uses the pipe
|> or function shorthand \(...) syntax added in R 4.1.0.
File(s) using such syntax:
‘defStormsList.R’
Flavors: r-devel-linux-x86_64-debian-clang, r-devel-linux-x86_64-debian-gcc, r-devel-linux-x86_64-fedora-clang, r-devel-linux-x86_64-fedora-gcc, r-devel-windows-x86_64, r-patched-linux-x86_64, r-release-linux-x86_64, r-release-macos-arm64, r-release-macos-x86_64, r-release-windows-x86_64