CRAN Package Check Results for Package SynDI

Last updated on 2025-02-17 08:51:08 CET.

Flavor Version Tinstall Tcheck Ttotal Status Flags
r-devel-linux-x86_64-debian-clang 0.1.0 4.81 134.55 139.36 NOTE
r-devel-linux-x86_64-debian-gcc 0.1.0 3.06 94.73 97.79 NOTE
r-devel-linux-x86_64-fedora-clang 0.1.0 234.97 NOTE
r-devel-linux-x86_64-fedora-gcc 0.1.0 241.04 NOTE
r-devel-macos-arm64 0.1.0 89.00 NOTE
r-devel-macos-x86_64 0.1.0 164.00 NOTE
r-devel-windows-x86_64 0.1.0 6.00 198.00 204.00 NOTE
r-patched-linux-x86_64 0.1.0 3.73 130.03 133.76 NOTE
r-release-linux-x86_64 0.1.0 4.25 132.42 136.67 NOTE
r-release-macos-arm64 0.1.0 86.00 NOTE
r-release-macos-x86_64 0.1.0 127.00 NOTE
r-release-windows-x86_64 0.1.0 6.00 198.00 204.00 NOTE
r-oldrel-macos-arm64 0.1.0 92.00 OK
r-oldrel-macos-x86_64 0.1.0 143.00 OK
r-oldrel-windows-x86_64 0.1.0 7.00 202.00 209.00 OK

Check Details

Version: 0.1.0
Check: Rd files
Result: NOTE checkRd: (-1) create_synthetic_example.Rd:10: Lost braces in \itemize; meant \describe ? checkRd: (-1) create_synthetic_example.Rd:11: Lost braces in \itemize; meant \describe ? checkRd: (-1) create_synthetic_example.Rd:12: Lost braces in \itemize; meant \describe ? checkRd: (-1) initial_estimates_example.Rd:10: Lost braces in \itemize; meant \describe ? checkRd: (-1) initial_estimates_example.Rd:11: Lost braces in \itemize; meant \describe ? checkRd: (-1) initial_estimates_example.Rd:12: Lost braces in \itemize; meant \describe ? Flavors: r-devel-linux-x86_64-debian-clang, r-devel-linux-x86_64-debian-gcc, r-devel-linux-x86_64-fedora-clang, r-devel-linux-x86_64-fedora-gcc, r-devel-macos-arm64, r-devel-macos-x86_64, r-devel-windows-x86_64, r-patched-linux-x86_64, r-release-linux-x86_64, r-release-macos-arm64, r-release-macos-x86_64, r-release-windows-x86_64

Version: 0.1.0
Check: dependencies in R code
Result: NOTE Namespaces in Imports field not imported from: ‘MASS’ ‘StackImpute’ ‘arm’ ‘boot’ ‘broom’ ‘knitr’ ‘mvtnorm’ ‘randomForest’ All declared Imports should be used. Flavors: r-devel-linux-x86_64-fedora-clang, r-devel-linux-x86_64-fedora-gcc