Last updated on 2025-02-17 08:51:16 CET.
Flavor | Version | Tinstall | Tcheck | Ttotal | Status | Flags |
---|---|---|---|---|---|---|
r-devel-linux-x86_64-debian-clang | 6.0.1 | 20.77 | 37.05 | 57.82 | OK | |
r-devel-linux-x86_64-debian-gcc | 6.0.1 | 16.33 | 29.84 | 46.17 | OK | |
r-devel-linux-x86_64-fedora-clang | 6.0.1 | 152.55 | OK | |||
r-devel-linux-x86_64-fedora-gcc | 6.0.1 | 117.09 | OK | |||
r-devel-macos-arm64 | 6.0.1 | 98.00 | OK | |||
r-devel-macos-x86_64 | 6.0.1 | 177.00 | OK | |||
r-devel-windows-x86_64 | 6.0.1 | 111.00 | 128.00 | 239.00 | OK | |
r-patched-linux-x86_64 | 6.0.1 | 22.53 | 35.27 | 57.80 | OK | |
r-release-linux-x86_64 | 6.0.1 | 22.02 | 36.68 | 58.70 | OK | |
r-release-macos-arm64 | 6.0.1 | 94.00 | NOTE | |||
r-release-macos-x86_64 | 6.0.1 | 176.00 | NOTE | |||
r-release-windows-x86_64 | 6.0.1 | 74.00 | 5.00 | 79.00 | ERROR | |
r-oldrel-macos-arm64 | 6.0.0 | 78.00 | NOTE | |||
r-oldrel-macos-x86_64 | 6.0.1 | 96.00 | NOTE | |||
r-oldrel-windows-x86_64 | 6.0.1 | 72.00 | 35.00 | 107.00 | ERROR |
Version: 6.0.1
Check: installed package size
Result: NOTE
installed size is 49.7Mb
sub-directories of 1Mb or more:
doc 1.8Mb
libs 47.7Mb
Flavors: r-release-macos-arm64, r-release-macos-x86_64, r-oldrel-macos-x86_64
Version: 6.0.1
Check: whether package can be installed
Result: ERROR
Installation failed.
Flavors: r-release-windows-x86_64, r-oldrel-windows-x86_64
Version: 6.0.0
Check: installed package size
Result: NOTE
installed size is 49.7Mb
sub-directories of 1Mb or more:
doc 1.8Mb
libs 47.7Mb
Flavor: r-oldrel-macos-arm64