Last updated on 2025-02-17 08:51:16 CET.
Flavor | Version | Tinstall | Tcheck | Ttotal | Status | Flags |
---|---|---|---|---|---|---|
r-devel-linux-x86_64-debian-clang | 0.1.8 | 7.97 | 58.94 | 66.91 | NOTE | |
r-devel-linux-x86_64-debian-gcc | 0.1.8 | 5.08 | 44.74 | 49.82 | NOTE | |
r-devel-linux-x86_64-fedora-clang | 0.1.8 | 113.00 | NOTE | |||
r-devel-linux-x86_64-fedora-gcc | 0.1.8 | 120.54 | NOTE | |||
r-devel-macos-arm64 | 0.1.8 | 40.00 | OK | |||
r-devel-macos-x86_64 | 0.1.8 | 79.00 | NOTE | |||
r-devel-windows-x86_64 | 0.1.8 | 8.00 | 72.00 | 80.00 | NOTE | |
r-patched-linux-x86_64 | 0.1.8 | 6.76 | 55.63 | 62.39 | OK | |
r-release-linux-x86_64 | 0.1.8 | 5.60 | 55.94 | 61.54 | OK | |
r-release-macos-arm64 | 0.1.8 | 38.00 | OK | |||
r-release-macos-x86_64 | 0.1.8 | 53.00 | OK | |||
r-release-windows-x86_64 | 0.1.8 | 8.00 | 70.00 | 78.00 | OK | |
r-oldrel-macos-arm64 | 0.1.8 | 44.00 | OK | |||
r-oldrel-macos-x86_64 | 0.1.8 | 80.00 | OK | |||
r-oldrel-windows-x86_64 | 0.1.8 | 11.00 | 105.00 | 116.00 | OK |
Version: 0.1.8
Check: DESCRIPTION meta-information
Result: NOTE
Missing dependency on R >= 4.1.0 because package code uses the pipe
|> or function shorthand \(...) syntax added in R 4.1.0.
File(s) using such syntax:
‘datasets.R’
Flavors: r-devel-linux-x86_64-debian-clang, r-devel-linux-x86_64-debian-gcc, r-devel-linux-x86_64-fedora-clang, r-devel-linux-x86_64-fedora-gcc, r-devel-macos-x86_64, r-devel-windows-x86_64