Last updated on 2025-02-17 08:51:21 CET.
Flavor | Version | Tinstall | Tcheck | Ttotal | Status | Flags |
---|---|---|---|---|---|---|
r-devel-linux-x86_64-debian-clang | 2.1.2 | 90.71 | 85.60 | 176.31 | OK | |
r-devel-linux-x86_64-debian-gcc | 2.1.2 | 64.75 | 60.46 | 125.21 | OK | |
r-devel-linux-x86_64-fedora-clang | 2.1.2 | 312.68 | OK | |||
r-devel-linux-x86_64-fedora-gcc | 2.1.2 | 303.87 | OK | |||
r-devel-macos-arm64 | 2.1.2 | 70.00 | OK | |||
r-devel-macos-x86_64 | 2.1.2 | 134.00 | OK | |||
r-devel-windows-x86_64 | 2.1.2 | 87.00 | 123.00 | 210.00 | OK | |
r-patched-linux-x86_64 | 2.1.2 | 90.21 | 78.86 | 169.07 | OK | |
r-release-linux-x86_64 | 2.1.2 | 90.15 | 78.73 | 168.88 | OK | |
r-release-macos-arm64 | 2.1.2 | 72.00 | NOTE | |||
r-release-macos-x86_64 | 2.1.2 | 100.00 | NOTE | |||
r-release-windows-x86_64 | 2.1.2 | 88.00 | 108.00 | 196.00 | OK | |
r-oldrel-macos-arm64 | 2.1.2 | 89.00 | NOTE | |||
r-oldrel-macos-x86_64 | 2.1.2 | 143.00 | NOTE | |||
r-oldrel-windows-x86_64 | 2.1.2 | 105.00 | 139.00 | 244.00 | OK |
Version: 2.1.2
Check: installed package size
Result: NOTE
installed size is 10.2Mb
sub-directories of 1Mb or more:
libs 9.9Mb
Flavors: r-release-macos-arm64, r-release-macos-x86_64, r-oldrel-macos-arm64, r-oldrel-macos-x86_64
Version: 2.1.2
Check: package dependencies
Result: NOTE
Package suggested but not available for checking: ‘partitions’
Flavor: r-oldrel-macos-x86_64