Last updated on 2025-02-17 08:50:43 CET.
Flavor | Version | Tinstall | Tcheck | Ttotal | Status | Flags |
---|---|---|---|---|---|---|
r-devel-linux-x86_64-debian-clang | 0.0.2 | 5.98 | 104.41 | 110.39 | OK | |
r-devel-linux-x86_64-debian-gcc | 0.0.2 | 4.56 | 78.93 | 83.49 | OK | |
r-devel-linux-x86_64-fedora-clang | 0.0.2 | 183.76 | OK | |||
r-devel-linux-x86_64-fedora-gcc | 0.0.2 | 167.09 | OK | |||
r-devel-macos-arm64 | 0.0.2 | 51.00 | OK | |||
r-devel-macos-x86_64 | 0.0.2 | 81.00 | OK | |||
r-devel-windows-x86_64 | 0.0.2 | 8.00 | 94.00 | 102.00 | OK | |
r-patched-linux-x86_64 | 0.0.2 | 5.91 | 99.55 | 105.46 | OK | |
r-release-linux-x86_64 | 0.0.2 | 5.50 | 99.62 | 105.12 | OK | |
r-release-macos-arm64 | 0.0.2 | 49.00 | OK | |||
r-release-macos-x86_64 | 0.0.2 | 66.00 | OK | |||
r-release-windows-x86_64 | 0.0.2 | 8.00 | 104.00 | 112.00 | OK | |
r-oldrel-macos-arm64 | 0.0.2 | 48.00 | OK | |||
r-oldrel-macos-x86_64 | 0.0.2 | 59.00 | OK | |||
r-oldrel-windows-x86_64 | 0.0.2 | 10.00 | 109.00 | 119.00 | ERROR |
Version: 0.0.2
Check: re-building of vignette outputs
Result: ERROR
Error(s) in re-building vignettes:
--- re-building 'andurinha.Rmd' using rmarkdown
Could not fetch https://fonts.googleapis.com/css?family=Montserrat&display=swap
HttpExceptionRequest Request {
host = "fonts.googleapis.com"
port = 443
secure = True
requestHeaders = []
path = "/css"
queryString = "?family=Montserrat&display=swap"
method = "GET"
proxy = Nothing
rawBody = False
redirectCount = 10
responseTimeout = ResponseTimeoutDefault
requestVersion = HTTP/1.1
}
NoResponseDataReceived
Error: processing vignette 'andurinha.Rmd' failed with diagnostics:
pandoc document conversion failed with error 61
--- failed re-building 'andurinha.Rmd'
SUMMARY: processing the following file failed:
'andurinha.Rmd'
Error: Vignette re-building failed.
Execution halted
Flavor: r-oldrel-windows-x86_64