Last updated on 2025-05-13 19:52:26 CEST.
Flavor | Version | Tinstall | Tcheck | Ttotal | Status | Flags |
---|---|---|---|---|---|---|
r-devel-linux-x86_64-debian-clang | 0.3.9.4 | 4.01 | 38.84 | 42.85 | NOTE | |
r-devel-linux-x86_64-debian-gcc | 0.3.9.4 | 2.98 | 30.50 | 33.48 | NOTE | |
r-devel-linux-x86_64-fedora-clang | 0.3.9.4 | 67.79 | NOTE | |||
r-devel-linux-x86_64-fedora-gcc | 0.3.9.4 | 78.67 | NOTE | |||
r-devel-windows-x86_64 | 0.3.9.4 | 7.00 | 64.00 | 71.00 | NOTE | |
r-patched-linux-x86_64 | 0.3.9.4 | 4.59 | 37.29 | 41.88 | NOTE | |
r-release-linux-x86_64 | 0.3.9.4 | 4.49 | 37.70 | 42.19 | NOTE | |
r-release-macos-arm64 | 0.3.9.4 | 47.00 | NOTE | |||
r-release-macos-x86_64 | 0.3.9.4 | 77.00 | NOTE | |||
r-release-windows-x86_64 | 0.3.9.4 | 7.00 | 64.00 | 71.00 | NOTE | |
r-oldrel-macos-arm64 | 0.3.9.4 | 32.00 | NOTE | |||
r-oldrel-macos-x86_64 | 0.3.9.4 | 45.00 | NOTE | |||
r-oldrel-windows-x86_64 | 0.3.9.4 | 7.00 | 77.00 | 84.00 | NOTE |
Version: 0.3.9.4
Check: DESCRIPTION meta-information
Result: NOTE
Missing dependency on R >= 4.1.0 because package code uses the pipe
|> or function shorthand \(...) syntax added in R 4.1.0.
File(s) using such syntax:
‘app.R’
Flavors: r-devel-linux-x86_64-debian-clang, r-devel-linux-x86_64-debian-gcc, r-devel-linux-x86_64-fedora-clang, r-devel-linux-x86_64-fedora-gcc, r-devel-windows-x86_64, r-patched-linux-x86_64, r-release-linux-x86_64, r-release-macos-arm64, r-release-macos-x86_64, r-release-windows-x86_64
Version: 0.3.9.4
Check: Rd files
Result: NOTE
checkRd: (-1) animate.Rd:625-627: Lost braces
625 | group = function(...) {
| ^
Flavors: r-devel-linux-x86_64-debian-clang, r-devel-linux-x86_64-debian-gcc, r-devel-linux-x86_64-fedora-clang, r-devel-linux-x86_64-fedora-gcc, r-devel-windows-x86_64, r-patched-linux-x86_64, r-release-linux-x86_64, r-release-macos-arm64, r-release-macos-x86_64, r-release-windows-x86_64, r-oldrel-macos-arm64, r-oldrel-macos-x86_64, r-oldrel-windows-x86_64