Last updated on 2025-02-06 19:49:19 CET.
Flavor | Version | Tinstall | Tcheck | Ttotal | Status | Flags |
---|---|---|---|---|---|---|
r-devel-linux-x86_64-debian-clang | 1.0-1 | 76.74 | 165.44 | 242.18 | NOTE | |
r-devel-linux-x86_64-debian-gcc | 1.0-1 | 55.08 | 135.49 | 190.57 | NOTE | |
r-devel-linux-x86_64-fedora-clang | 1.0-1 | 339.07 | NOTE | |||
r-devel-linux-x86_64-fedora-gcc | 1.0-1 | 335.73 | NOTE | |||
r-devel-windows-x86_64 | 1.0-1 | 78.00 | 122.00 | 200.00 | OK | |
r-patched-linux-x86_64 | 1.0-1 | 79.98 | 115.47 | 195.45 | OK | |
r-release-linux-x86_64 | 1.0-1 | 77.81 | 116.03 | 193.84 | OK | |
r-release-macos-arm64 | 1.0-1 | 93.00 | NOTE | |||
r-release-macos-x86_64 | 1.0-1 | 111.00 | NOTE | |||
r-release-windows-x86_64 | 1.0-1 | 79.00 | 125.00 | 204.00 | OK | |
r-oldrel-macos-arm64 | 1.0-1 | 106.00 | NOTE | |||
r-oldrel-macos-x86_64 | 1.0-1 | 169.00 | NOTE | |||
r-oldrel-windows-x86_64 | 1.0-1 | 92.00 | 126.00 | 218.00 | OK |
Version: 1.0-1
Check: top-level files
Result: NOTE
possible bashism in configure.ac line 53 (unsafe echo with backslash):
echo ' To use all CPU cores, you should install OpenMP by running\n '
Flavors: r-devel-linux-x86_64-debian-clang, r-devel-linux-x86_64-debian-gcc, r-devel-linux-x86_64-fedora-clang, r-devel-linux-x86_64-fedora-gcc
Version: 1.0-1
Check: installed package size
Result: NOTE
installed size is 5.3Mb
sub-directories of 1Mb or more:
libs 5.0Mb
Flavors: r-release-macos-arm64, r-release-macos-x86_64, r-oldrel-macos-arm64, r-oldrel-macos-x86_64