Last updated on 2025-05-12 08:52:01 CEST.
Flavor | Version | Tinstall | Tcheck | Ttotal | Status | Flags |
---|---|---|---|---|---|---|
r-devel-linux-x86_64-debian-clang | 0.6-1 | 53.52 | 92.00 | 145.52 | NOTE | |
r-devel-linux-x86_64-debian-gcc | 0.6-1 | 42.17 | 72.21 | 114.38 | NOTE | |
r-devel-linux-x86_64-fedora-clang | 0.6-1 | 251.05 | OK | |||
r-devel-linux-x86_64-fedora-gcc | 0.6-1 | 280.87 | OK | |||
r-devel-windows-x86_64 | 0.6-1 | 62.00 | 146.00 | 208.00 | OK | |
r-patched-linux-x86_64 | 0.6-1 | 58.38 | 92.96 | 151.34 | OK | |
r-release-linux-x86_64 | 0.6-1 | 57.15 | 94.95 | 152.10 | OK | |
r-release-macos-arm64 | 0.6-1 | 87.00 | OK | |||
r-release-macos-x86_64 | 0.6-1 | 144.00 | OK | |||
r-release-windows-x86_64 | 0.6-1 | 65.00 | 147.00 | 212.00 | OK | |
r-oldrel-macos-arm64 | 0.6-1 | 78.00 | NOTE | |||
r-oldrel-macos-x86_64 | 0.6-1 | 130.00 | NOTE | |||
r-oldrel-windows-x86_64 | 0.6-1 | 74.00 | 177.00 | 251.00 | OK |
Version: 0.6-1
Check: CRAN incoming feasibility
Result: NOTE
Maintainer: ‘Matt Moores <mmoores@gmail.com>’
Package CITATION file contains call(s) to old-style personList() or
as.personList(). Please use c() on person objects instead.
Package CITATION file contains call(s) to old-style citEntry(). Please
use bibentry() instead.
Flavors: r-devel-linux-x86_64-debian-clang, r-devel-linux-x86_64-debian-gcc
Version: 0.6-1
Check: installed package size
Result: NOTE
installed size is 8.0Mb
sub-directories of 1Mb or more:
data 2.7Mb
libs 4.5Mb
Flavors: r-oldrel-macos-arm64, r-oldrel-macos-x86_64