Last updated on 2025-05-10 19:50:51 CEST.
Flavor | Version | Tinstall | Tcheck | Ttotal | Status | Flags |
---|---|---|---|---|---|---|
r-devel-linux-x86_64-debian-clang | 1.2.2 | 11.22 | 183.67 | 194.89 | OK | |
r-devel-linux-x86_64-debian-gcc | 1.2.2 | 6.36 | 125.22 | 131.58 | OK | |
r-devel-linux-x86_64-fedora-clang | 1.2.2 | 317.54 | OK | |||
r-devel-linux-x86_64-fedora-gcc | 1.2.2 | 358.33 | OK | |||
r-devel-windows-x86_64 | 1.2.2 | 16.00 | 145.00 | 161.00 | OK | |
r-patched-linux-x86_64 | 1.2.2 | 10.44 | 173.52 | 183.96 | OK | |
r-release-linux-x86_64 | 1.2.2 | 10.62 | 171.91 | 182.53 | OK | |
r-release-macos-arm64 | 1.2.2 | 83.00 | OK | |||
r-release-macos-x86_64 | 1.2.2 | 161.00 | OK | |||
r-release-windows-x86_64 | 1.2.2 | 14.00 | 144.00 | 158.00 | OK | |
r-oldrel-macos-arm64 | 1.2.2 | 82.00 | NOTE | |||
r-oldrel-macos-x86_64 | 1.2.2 | 158.00 | NOTE | |||
r-oldrel-windows-x86_64 | 1.2.2 | 18.00 | 188.00 | 206.00 | NOTE |
Version: 1.2.2
Check: package dependencies
Result: NOTE
Package which this enhances but not available for checking: ‘asreml’
Flavors: r-oldrel-macos-arm64, r-oldrel-macos-x86_64, r-oldrel-windows-x86_64