Last updated on 2024-06-04 19:47:45 CEST.
Flavor | Version | Tinstall | Tcheck | Ttotal | Status | Flags |
---|---|---|---|---|---|---|
r-devel-linux-x86_64-debian-clang | 4.5.5 | 495.60 | 63.81 | 559.41 | NOTE | |
r-devel-linux-x86_64-debian-gcc | 4.5.5 | 379.94 | 50.30 | 430.24 | NOTE | |
r-devel-linux-x86_64-fedora-clang | 4.5.5 | 806.43 | NOTE | |||
r-devel-linux-x86_64-fedora-gcc | 4.5.5 | 907.42 | NOTE | |||
r-devel-windows-x86_64 | 4.5.5 | 357.00 | 127.00 | 484.00 | NOTE | |
r-patched-linux-x86_64 | 4.5.5 | 474.98 | 61.74 | 536.72 | NOTE | |
r-release-linux-x86_64 | 4.5.5 | 472.74 | 63.09 | 535.83 | NOTE | |
r-release-macos-arm64 | 4.5.5 | 161.00 | NOTE | |||
r-release-macos-x86_64 | 4.5.5 | 183.00 | NOTE | |||
r-release-windows-x86_64 | 4.5.5 | 363.00 | 126.00 | 489.00 | NOTE | |
r-oldrel-macos-arm64 | 4.5.5 | 168.00 | NOTE | |||
r-oldrel-macos-x86_64 | 4.5.5 | 177.00 | NOTE | |||
r-oldrel-windows-x86_64 | 4.5.5 | 457.00 | 144.00 | 601.00 | NOTE |
Version: 4.5.5
Check: for GNU extensions in Makefiles
Result: NOTE
GNU make is a SystemRequirements.
Flavors: r-devel-linux-x86_64-debian-clang, r-devel-linux-x86_64-debian-gcc, r-devel-linux-x86_64-fedora-clang, r-devel-linux-x86_64-fedora-gcc, r-devel-windows-x86_64, r-patched-linux-x86_64, r-release-linux-x86_64, r-release-macos-arm64, r-release-macos-x86_64, r-release-windows-x86_64, r-oldrel-macos-arm64, r-oldrel-macos-x86_64, r-oldrel-windows-x86_64
Version: 4.5.5
Check: installed package size
Result: NOTE
installed size is 33.9Mb
sub-directories of 1Mb or more:
libs 32.6Mb
Flavors: r-release-macos-arm64, r-release-macos-x86_64, r-oldrel-macos-arm64, r-oldrel-macos-x86_64