Last updated on 2024-06-04 19:47:45 CEST.
Flavor | Version | Tinstall | Tcheck | Ttotal | Status | Flags |
---|---|---|---|---|---|---|
r-devel-linux-x86_64-debian-clang | 1.0.0 | 202.05 | 44.65 | 246.70 | OK | |
r-devel-linux-x86_64-debian-gcc | 1.0.0 | 164.22 | 46.80 | 211.02 | OK | |
r-devel-linux-x86_64-fedora-clang | 1.0.0 | 376.76 | OK | |||
r-devel-linux-x86_64-fedora-gcc | 1.0.0 | 417.97 | OK | |||
r-devel-windows-x86_64 | 1.0.0 | 171.00 | 85.00 | 256.00 | OK | |
r-patched-linux-x86_64 | 1.0.0 | 210.08 | 58.98 | 269.06 | OK | |
r-release-linux-x86_64 | 1.0.0 | 209.57 | 60.07 | 269.64 | OK | |
r-release-macos-arm64 | 1.0.0 | 70.00 | NOTE | |||
r-release-windows-x86_64 | 1.0.0 | 167.00 | 82.00 | 249.00 | OK | |
r-oldrel-macos-arm64 | 1.0.0 | 77.00 | NOTE | |||
r-oldrel-macos-x86_64 | 1.0.0 | 79.00 | NOTE | |||
r-oldrel-windows-x86_64 | 1.0.0 | 206.00 | 99.00 | 305.00 | OK |
Version: 1.0.0
Check: installed package size
Result: NOTE
installed size is 13.1Mb
sub-directories of 1Mb or more:
libs 12.2Mb
Flavors: r-release-macos-arm64, r-oldrel-macos-arm64, r-oldrel-macos-x86_64