Last updated on 2024-06-04 19:47:45 CEST.
Flavor | Version | Tinstall | Tcheck | Ttotal | Status | Flags |
---|---|---|---|---|---|---|
r-devel-linux-x86_64-debian-clang | 1.10.12 | 21.89 | 203.86 | 225.75 | OK | |
r-devel-linux-x86_64-debian-gcc | 1.10.12 | 15.51 | 143.06 | 158.57 | OK | |
r-devel-linux-x86_64-fedora-clang | 1.10.12 | 273.31 | NOTE | |||
r-devel-linux-x86_64-fedora-gcc | 1.10.12 | 256.10 | NOTE | |||
r-devel-windows-x86_64 | 1.10.12 | 18.00 | 156.00 | 174.00 | OK | |
r-patched-linux-x86_64 | 1.10.12 | 22.86 | 190.72 | 213.58 | OK | |
r-release-linux-x86_64 | 1.10.12 | 22.47 | 186.67 | 209.14 | OK | |
r-release-macos-arm64 | 1.10.12 | 71.00 | OK | |||
r-release-macos-x86_64 | 1.10.12 | 230.00 | OK | |||
r-release-windows-x86_64 | 1.10.12 | 18.00 | 154.00 | 172.00 | OK | |
r-oldrel-macos-arm64 | 1.10.12 | 76.00 | OK | |||
r-oldrel-macos-x86_64 | 1.10.12 | 185.00 | OK | |||
r-oldrel-windows-x86_64 | 1.10.12 | 24.00 | 188.00 | 212.00 | OK |
Version: 1.10.12
Check: data for non-ASCII characters
Result: NOTE
Note: found 89 marked UTF-8 strings
Flavors: r-devel-linux-x86_64-fedora-clang, r-devel-linux-x86_64-fedora-gcc