Last updated on 2025-02-17 08:50:44 CET.
Flavor | Version | Tinstall | Tcheck | Ttotal | Status | Flags |
---|---|---|---|---|---|---|
r-devel-linux-x86_64-debian-clang | 0.2.0 | 2.53 | 33.02 | 35.55 | OK | |
r-devel-linux-x86_64-debian-gcc | 0.2.0 | 1.70 | 26.05 | 27.75 | OK | |
r-devel-linux-x86_64-fedora-clang | 0.2.0 | 61.52 | OK | |||
r-devel-linux-x86_64-fedora-gcc | 0.2.0 | 70.54 | OK | |||
r-devel-macos-arm64 | 0.2.0 | 27.00 | OK | |||
r-devel-macos-x86_64 | 0.2.0 | 73.00 | OK | |||
r-devel-windows-x86_64 | 0.2.0 | 4.00 | 53.00 | 57.00 | OK | |
r-patched-linux-x86_64 | 0.2.0 | 2.77 | 31.86 | 34.63 | NOTE | |
r-release-linux-x86_64 | 0.2.0 | 2.14 | 31.61 | 33.75 | NOTE | |
r-release-macos-arm64 | 0.2.0 | 27.00 | NOTE | |||
r-release-macos-x86_64 | 0.2.0 | 51.00 | NOTE | |||
r-release-windows-x86_64 | 0.2.0 | 3.00 | 53.00 | 56.00 | NOTE | |
r-oldrel-macos-arm64 | 0.2.0 | 29.00 | NOTE | |||
r-oldrel-macos-x86_64 | 0.2.0 | 42.00 | NOTE | |||
r-oldrel-windows-x86_64 | 0.2.0 | 4.00 | 57.00 | 61.00 | NOTE |
Version: 0.2.0
Check: LazyData
Result: NOTE
'LazyData' is specified without a 'data' directory
Flavors: r-patched-linux-x86_64, r-release-linux-x86_64, r-release-macos-arm64, r-release-macos-x86_64, r-release-windows-x86_64, r-oldrel-macos-arm64, r-oldrel-macos-x86_64, r-oldrel-windows-x86_64