Last updated on 2025-05-10 19:50:51 CEST.
Flavor | Version | Tinstall | Tcheck | Ttotal | Status | Flags |
---|---|---|---|---|---|---|
r-devel-linux-x86_64-debian-clang | 1.1 | 28.33 | 28.48 | 56.81 | NOTE | |
r-devel-linux-x86_64-debian-gcc | 1.1 | 21.03 | 22.05 | 43.08 | NOTE | |
r-devel-linux-x86_64-fedora-clang | 1.1 | 99.83 | NOTE | |||
r-devel-linux-x86_64-fedora-gcc | 1.1 | 106.22 | NOTE | |||
r-devel-windows-x86_64 | 1.1 | 34.00 | 61.00 | 95.00 | OK | |
r-patched-linux-x86_64 | 1.1 | 29.68 | 27.30 | 56.98 | OK | |
r-release-linux-x86_64 | 1.1 | 29.28 | 27.33 | 56.61 | OK | |
r-release-macos-arm64 | 1.1 | 31.00 | OK | |||
r-release-macos-x86_64 | 1.1 | 69.00 | OK | |||
r-release-windows-x86_64 | 1.1 | 34.00 | 70.00 | 104.00 | OK | |
r-oldrel-macos-arm64 | 1.1 | 33.00 | OK | |||
r-oldrel-macos-x86_64 | 1.1 | 45.00 | OK | |||
r-oldrel-windows-x86_64 | 1.1 | 39.00 | 76.00 | 115.00 | OK |
Version: 1.1
Check: CRAN incoming feasibility
Result: NOTE
Maintainer: ‘Fabian Krueger <Fabian.Krueger83@gmail.com>’
No Authors@R field in DESCRIPTION.
Please add one, modifying
Authors@R: person(given = "Fabian",
family = "Krueger",
role = c("aut", "cre"),
email = "fabian.krueger83@gmail.com")
as necessary.
Flavors: r-devel-linux-x86_64-debian-clang, r-devel-linux-x86_64-debian-gcc
Version: 1.1
Check: compiled code
Result: NOTE
File ‘bvarsv/libs/bvarsv.so’:
Found no calls to: ‘R_registerRoutines’, ‘R_useDynamicSymbols’
It is good practice to register native routines and to disable symbol
search.
See ‘Writing portable packages’ in the ‘Writing R Extensions’ manual.
Flavors: r-devel-linux-x86_64-fedora-clang, r-devel-linux-x86_64-fedora-gcc