Last updated on 2024-06-04 19:47:45 CEST.
Flavor | Version | Tinstall | Tcheck | Ttotal | Status | Flags |
---|---|---|---|---|---|---|
r-devel-linux-x86_64-debian-clang | 1.0 | 8.59 | 102.80 | 111.39 | NOTE | |
r-devel-linux-x86_64-debian-gcc | 1.0 | 8.78 | 75.67 | 84.45 | NOTE | |
r-devel-linux-x86_64-fedora-clang | 1.0 | 143.57 | NOTE | |||
r-devel-linux-x86_64-fedora-gcc | 1.0 | 137.15 | NOTE | |||
r-devel-windows-x86_64 | 1.0 | 11.00 | 94.00 | 105.00 | NOTE | |
r-patched-linux-x86_64 | 1.0 | 16.84 | 99.13 | 115.97 | NOTE | |
r-release-linux-x86_64 | 1.0 | 9.68 | 99.92 | 109.60 | NOTE | |
r-release-macos-arm64 | 1.0 | 41.00 | NOTE | |||
r-release-windows-x86_64 | 1.0 | 11.00 | 91.00 | 102.00 | NOTE | |
r-oldrel-macos-arm64 | 1.0 | 47.00 | NOTE | |||
r-oldrel-macos-x86_64 | 1.0 | 70.00 | NOTE | |||
r-oldrel-windows-x86_64 | 1.0 | 14.00 | 108.00 | 122.00 | NOTE |
Version: 1.0
Check: Rd files
Result: NOTE
checkRd: (-1) deleteZeroComponents.Rd:70: Escaped LaTeX specials: \& \&
Flavors: r-devel-linux-x86_64-debian-clang, r-devel-linux-x86_64-debian-gcc, r-devel-linux-x86_64-fedora-clang, r-devel-linux-x86_64-fedora-gcc, r-devel-windows-x86_64, r-patched-linux-x86_64, r-release-linux-x86_64, r-release-macos-arm64, r-release-windows-x86_64, r-oldrel-macos-arm64, r-oldrel-macos-x86_64, r-oldrel-windows-x86_64