Last updated on 2025-02-02 19:48:17 CET.
Flavor | Version | Tinstall | Tcheck | Ttotal | Status | Flags |
---|---|---|---|---|---|---|
r-devel-linux-x86_64-debian-clang | 0.5.0 | 3.55 | 33.64 | 37.19 | OK | |
r-devel-linux-x86_64-debian-gcc | 0.5.0 | 2.68 | 25.24 | 27.92 | OK | |
r-devel-linux-x86_64-fedora-clang | 0.5.0 | 60.48 | OK | |||
r-devel-linux-x86_64-fedora-gcc | 0.5.0 | 55.56 | OK | |||
r-devel-windows-x86_64 | 0.5.0 | 6.00 | 52.00 | 58.00 | OK | |
r-patched-linux-x86_64 | 0.5.0 | 3.40 | 31.63 | 35.03 | NOTE | |
r-release-linux-x86_64 | 0.5.0 | 3.53 | 31.53 | 35.06 | NOTE | |
r-release-macos-arm64 | 0.5.0 | 22.00 | NOTE | |||
r-release-macos-x86_64 | 0.5.0 | 32.00 | NOTE | |||
r-release-windows-x86_64 | 0.5.0 | 6.00 | 53.00 | 59.00 | NOTE | |
r-oldrel-macos-arm64 | 0.5.0 | 22.00 | NOTE | |||
r-oldrel-macos-x86_64 | 0.5.0 | 28.00 | NOTE | |||
r-oldrel-windows-x86_64 | 0.5.0 | 6.00 | 58.00 | 64.00 | NOTE |
Version: 0.5.0
Check: LazyData
Result: NOTE
'LazyData' is specified without a 'data' directory
Flavors: r-patched-linux-x86_64, r-release-linux-x86_64, r-release-macos-arm64, r-release-macos-x86_64, r-release-windows-x86_64, r-oldrel-macos-arm64, r-oldrel-macos-x86_64, r-oldrel-windows-x86_64