Last updated on 2024-06-04 19:47:46 CEST.
Flavor | Version | Tinstall | Tcheck | Ttotal | Status | Flags |
---|---|---|---|---|---|---|
r-devel-linux-x86_64-debian-clang | 1.0.1 | 3.42 | 39.05 | 42.47 | NOTE | |
r-devel-linux-x86_64-debian-gcc | 1.0.1 | 2.61 | 28.73 | 31.34 | NOTE | |
r-devel-linux-x86_64-fedora-clang | 1.0.1 | 54.20 | NOTE | |||
r-devel-linux-x86_64-fedora-gcc | 1.0.1 | 62.83 | NOTE | |||
r-devel-windows-x86_64 | 1.0.1 | 4.00 | 56.00 | 60.00 | NOTE | |
r-patched-linux-x86_64 | 1.0.1 | 2.23 | 36.91 | 39.14 | NOTE | |
r-release-linux-x86_64 | 1.0.1 | 2.00 | 37.23 | 39.23 | NOTE | |
r-release-macos-arm64 | 1.0.1 | 25.00 | NOTE | |||
r-release-windows-x86_64 | 1.0.1 | 4.00 | 56.00 | 60.00 | NOTE | |
r-oldrel-macos-arm64 | 1.0.1 | 28.00 | NOTE | |||
r-oldrel-macos-x86_64 | 1.0.1 | 37.00 | NOTE | |||
r-oldrel-windows-x86_64 | 1.0.1 | 4.00 | 57.00 | 61.00 | NOTE |
Version: 1.0.1
Check: LazyData
Result: NOTE
'LazyData' is specified without a 'data' directory
Flavors: r-devel-linux-x86_64-debian-clang, r-devel-linux-x86_64-debian-gcc, r-devel-linux-x86_64-fedora-clang, r-devel-linux-x86_64-fedora-gcc, r-devel-windows-x86_64, r-patched-linux-x86_64, r-release-linux-x86_64, r-release-macos-arm64, r-release-windows-x86_64, r-oldrel-macos-arm64, r-oldrel-macos-x86_64, r-oldrel-windows-x86_64