Last updated on 2024-06-04 19:47:46 CEST.
Flavor | Version | Tinstall | Tcheck | Ttotal | Status | Flags |
---|---|---|---|---|---|---|
r-devel-linux-x86_64-debian-clang | 0.5.2 | 4.07 | 58.39 | 62.46 | OK | |
r-devel-linux-x86_64-debian-gcc | 0.5.2 | 4.19 | 42.62 | 46.81 | OK | |
r-devel-linux-x86_64-fedora-clang | 0.5.2 | 79.05 | NOTE | |||
r-devel-linux-x86_64-fedora-gcc | 0.5.2 | 86.45 | NOTE | |||
r-devel-windows-x86_64 | 0.5.2 | 8.00 | 84.00 | 92.00 | OK | |
r-patched-linux-x86_64 | 0.5.2 | 5.91 | 56.34 | 62.25 | OK | |
r-release-linux-x86_64 | 0.5.2 | 4.59 | 55.33 | 59.92 | OK | |
r-release-macos-arm64 | 0.5.2 | 57.00 | OK | |||
r-release-windows-x86_64 | 0.5.2 | 7.00 | 84.00 | 91.00 | OK | |
r-oldrel-macos-arm64 | 0.5.2 | 45.00 | OK | |||
r-oldrel-macos-x86_64 | 0.5.2 | 60.00 | OK | |||
r-oldrel-windows-x86_64 | 0.5.2 | 9.00 | 93.00 | 102.00 | OK |
Version: 0.5.2
Check: data for non-ASCII characters
Result: NOTE
Note: found 10332 marked UTF-8 strings
Flavors: r-devel-linux-x86_64-fedora-clang, r-devel-linux-x86_64-fedora-gcc