Last updated on 2024-06-04 19:47:47 CEST.
Flavor | Version | Tinstall | Tcheck | Ttotal | Status | Flags |
---|---|---|---|---|---|---|
r-devel-linux-x86_64-debian-clang | 0.2.1 | 8.44 | 57.18 | 65.62 | OK | |
r-devel-linux-x86_64-debian-gcc | 0.2.1 | 5.32 | 41.97 | 47.29 | OK | |
r-devel-linux-x86_64-fedora-clang | 0.2.1 | 78.57 | NOTE | |||
r-devel-linux-x86_64-fedora-gcc | 0.2.1 | 72.62 | OK | |||
r-devel-windows-x86_64 | 0.2.1 | 7.00 | 62.00 | 69.00 | OK | |
r-patched-linux-x86_64 | 0.2.1 | 7.98 | 54.38 | 62.36 | OK | |
r-release-linux-x86_64 | 0.2.1 | 4.91 | 53.17 | 58.08 | OK | |
r-release-macos-arm64 | 0.2.1 | 26.00 | OK | |||
r-release-windows-x86_64 | 0.2.1 | 8.00 | 63.00 | 71.00 | OK | |
r-oldrel-macos-arm64 | 0.2.1 | 35.00 | OK | |||
r-oldrel-macos-x86_64 | 0.2.1 | 50.00 | OK | |||
r-oldrel-windows-x86_64 | 0.2.1 | 9.00 | 72.00 | 81.00 | OK |
Version: 0.2.1
Check: Rd cross-references
Result: NOTE
Undeclared package ‘tidyselect’ in Rd xrefs
Flavor: r-devel-linux-x86_64-fedora-clang