Last updated on 2025-02-17 08:50:47 CET.
Flavor | Version | Tinstall | Tcheck | Ttotal | Status | Flags |
---|---|---|---|---|---|---|
r-devel-linux-x86_64-debian-clang | 1.40 | 43.41 | 114.76 | 158.17 | NOTE | |
r-devel-linux-x86_64-debian-gcc | 1.40 | 26.48 | 77.19 | 103.67 | NOTE | |
r-devel-linux-x86_64-fedora-clang | 1.40 | 278.33 | OK | |||
r-devel-linux-x86_64-fedora-gcc | 1.40 | 253.50 | OK | |||
r-devel-macos-arm64 | 1.40 | 74.00 | OK | |||
r-devel-macos-x86_64 | 1.40 | 134.00 | OK | |||
r-devel-windows-x86_64 | 1.40 | 52.00 | 177.00 | 229.00 | OK | |
r-patched-linux-x86_64 | 1.40 | 33.13 | 107.26 | 140.39 | OK | |
r-release-linux-x86_64 | 1.40 | 33.65 | 109.66 | 143.31 | OK | |
r-release-macos-arm64 | 1.40 | 79.00 | OK | |||
r-release-macos-x86_64 | 1.40 | 100.00 | OK | |||
r-release-windows-x86_64 | 1.40 | 52.00 | 179.00 | 231.00 | OK | |
r-oldrel-macos-arm64 | 1.40 | 112.00 | OK | |||
r-oldrel-macos-x86_64 | 1.40 | 240.00 | OK | |||
r-oldrel-windows-x86_64 | 1.40 | 54.00 | 199.00 | 253.00 | OK |
Version: 1.40
Check: for unstated dependencies in ‘demo’
Result: NOTE
'library' or 'require' call not declared from: ‘nlme’
Flavors: r-devel-linux-x86_64-debian-clang, r-devel-linux-x86_64-debian-gcc