Last updated on 2024-06-04 19:47:47 CEST.
Flavor | Version | Tinstall | Tcheck | Ttotal | Status | Flags |
---|---|---|---|---|---|---|
r-devel-linux-x86_64-debian-clang | 0.2.0 | 2.31 | 45.23 | 47.54 | NOTE | |
r-devel-linux-x86_64-debian-gcc | 0.2.0 | 2.42 | 34.10 | 36.52 | NOTE | |
r-devel-linux-x86_64-fedora-clang | 0.2.0 | 61.11 | NOTE | |||
r-devel-linux-x86_64-fedora-gcc | 0.2.0 | 71.03 | NOTE | |||
r-devel-windows-x86_64 | 0.2.0 | 4.00 | 71.00 | 75.00 | NOTE | |
r-patched-linux-x86_64 | 0.2.0 | 2.94 | 44.35 | 47.29 | NOTE | |
r-release-linux-x86_64 | 0.2.0 | 2.66 | 43.76 | 46.42 | NOTE | |
r-release-macos-arm64 | 0.2.0 | 29.00 | NOTE | |||
r-release-windows-x86_64 | 0.2.0 | 5.00 | 70.00 | 75.00 | NOTE | |
r-oldrel-macos-arm64 | 0.2.0 | 31.00 | NOTE | |||
r-oldrel-macos-x86_64 | 0.2.0 | 37.00 | NOTE | |||
r-oldrel-windows-x86_64 | 0.2.0 | 5.00 | 121.00 | 126.00 | NOTE |
Version: 0.2.0
Check: package subdirectories
Result: NOTE
Problems with news in ‘NEWS.md’:
No news entries found.
Flavors: r-devel-linux-x86_64-debian-clang, r-devel-linux-x86_64-debian-gcc, r-devel-linux-x86_64-fedora-clang, r-devel-linux-x86_64-fedora-gcc, r-devel-windows-x86_64, r-patched-linux-x86_64, r-release-linux-x86_64, r-release-macos-arm64, r-release-windows-x86_64, r-oldrel-macos-arm64, r-oldrel-macos-x86_64, r-oldrel-windows-x86_64
Version: 0.2.0
Check: Rd files
Result: NOTE
checkRd: (-1) dapply.Rd:27-30: Lost braces
27 | udf <- function(x){
| ^
Flavors: r-devel-linux-x86_64-debian-clang, r-devel-linux-x86_64-debian-gcc, r-devel-linux-x86_64-fedora-clang, r-devel-linux-x86_64-fedora-gcc, r-devel-windows-x86_64, r-patched-linux-x86_64, r-release-linux-x86_64, r-release-macos-arm64, r-release-windows-x86_64
Version: 0.2.0
Check: dependencies in R code
Result: NOTE
Namespaces in Imports field not imported from:
‘dplyr’ ‘proxy’
All declared Imports should be used.
Flavors: r-devel-linux-x86_64-fedora-clang, r-devel-linux-x86_64-fedora-gcc