Last updated on 2025-05-10 08:50:36 CEST.
Flavor | Version | Tinstall | Tcheck | Ttotal | Status | Flags |
---|---|---|---|---|---|---|
r-devel-linux-x86_64-debian-clang | 1.0.17 | 2.11 | 103.99 | 106.10 | NOTE | |
r-devel-linux-x86_64-debian-gcc | 1.0.17 | 1.57 | 93.16 | 94.73 | NOTE | |
r-devel-linux-x86_64-fedora-clang | 1.0.17 | 159.43 | OK | |||
r-devel-linux-x86_64-fedora-gcc | 1.0.17 | 168.18 | OK | |||
r-devel-windows-x86_64 | 1.0.17 | 3.00 | 111.00 | 114.00 | OK | |
r-patched-linux-x86_64 | 1.0.17 | 1.56 | 98.60 | 100.16 | NOTE | |
r-release-linux-x86_64 | 1.0.17 | 1.96 | 98.31 | 100.27 | NOTE | |
r-release-macos-arm64 | 1.0.17 | 66.00 | OK | |||
r-release-macos-x86_64 | 1.0.17 | 114.00 | OK | |||
r-release-windows-x86_64 | 1.0.17 | 4.00 | 114.00 | 118.00 | OK | |
r-oldrel-macos-arm64 | 1.0.17 | 58.00 | OK | |||
r-oldrel-macos-x86_64 | 1.0.17 | 88.00 | OK | |||
r-oldrel-windows-x86_64 | 1.0.17 | 5.00 | 135.00 | 140.00 | OK |
Version: 1.0.17
Check: R code for possible problems
Result: NOTE
Found the following calls to attach():
File ‘doParallel/R/doParallel.R’:
attach(exportEnv)
See section ‘Good practice’ in ‘?attach’.
Flavors: r-devel-linux-x86_64-debian-clang, r-devel-linux-x86_64-debian-gcc, r-patched-linux-x86_64, r-release-linux-x86_64