Last updated on 2024-06-04 19:47:48 CEST.
Flavor | Version | Tinstall | Tcheck | Ttotal | Status | Flags |
---|---|---|---|---|---|---|
r-devel-linux-x86_64-debian-clang | 1.7 | 6.87 | 36.93 | 43.80 | NOTE | |
r-devel-linux-x86_64-debian-gcc | 1.7 | 4.75 | 26.37 | 31.12 | NOTE | |
r-devel-linux-x86_64-fedora-clang | 1.7 | 51.64 | NOTE | |||
r-devel-linux-x86_64-fedora-gcc | 1.7 | 47.62 | NOTE | |||
r-devel-windows-x86_64 | 1.7 | 7.00 | 45.00 | 52.00 | NOTE | |
r-patched-linux-x86_64 | 1.7 | 4.62 | 35.11 | 39.73 | NOTE | |
r-release-linux-x86_64 | 1.7 | 4.40 | 34.50 | 38.90 | NOTE | |
r-release-macos-arm64 | 1.7 | 18.00 | NOTE | |||
r-release-windows-x86_64 | 1.7 | 6.00 | 44.00 | 50.00 | NOTE | |
r-oldrel-macos-arm64 | 1.7 | 17.00 | NOTE | |||
r-oldrel-macos-x86_64 | 1.7 | 27.00 | NOTE | |||
r-oldrel-windows-x86_64 | 1.7 | 9.00 | 46.00 | 55.00 | NOTE |
Version: 1.7
Check: Rd files
Result: NOTE
checkRd: (-1) PMLE.Weibull.Rd:20: Lost braces; missing escapes or markup?
20 | \item{D1}{Randomize the intial value if |mu_h-mu_{h+1}|>D1}
| ^
checkRd: (-1) PMLE.Weibull.Rd:21: Lost braces; missing escapes or markup?
21 | \item{D2}{Randomize the intial value if |sigma_h-sigma_{h+1}|>D2}
| ^
checkRd: (-1) PMLE.loglogistic.Rd:20: Lost braces; missing escapes or markup?
20 | \item{D1}{Randomize the intial value if |mu_h-mu_{h+1}|>D1}
| ^
checkRd: (-1) PMLE.loglogistic.Rd:21: Lost braces; missing escapes or markup?
21 | \item{D2}{Randomize the intial value if |sigma_h-sigma_{h+1}|>D2}
| ^
checkRd: (-1) PMLE.lognormal.Rd:20: Lost braces; missing escapes or markup?
20 | \item{D1}{Randomize the intial value if |mu_h-mu_{h+1}|>D1}
| ^
checkRd: (-1) PMLE.lognormal.Rd:21: Lost braces; missing escapes or markup?
21 | \item{D2}{Randomize the intial value if |sigma_h-sigma_{h+1}|>D2}
| ^
Flavors: r-devel-linux-x86_64-debian-clang, r-devel-linux-x86_64-debian-gcc, r-devel-linux-x86_64-fedora-clang, r-devel-linux-x86_64-fedora-gcc, r-devel-windows-x86_64, r-patched-linux-x86_64, r-release-linux-x86_64, r-release-macos-arm64, r-release-windows-x86_64
Version: 1.7
Check: LazyData
Result: NOTE
'LazyData' is specified without a 'data' directory
Flavors: r-devel-linux-x86_64-debian-clang, r-devel-linux-x86_64-debian-gcc, r-devel-linux-x86_64-fedora-clang, r-devel-linux-x86_64-fedora-gcc, r-devel-windows-x86_64, r-patched-linux-x86_64, r-release-linux-x86_64, r-release-macos-arm64, r-release-windows-x86_64, r-oldrel-macos-arm64, r-oldrel-macos-x86_64, r-oldrel-windows-x86_64