CRAN Package Check Results for Package easy.utils

Last updated on 2025-05-10 19:50:54 CEST.

Flavor Version Tinstall Tcheck Ttotal Status Flags
r-devel-linux-x86_64-debian-clang 0.1.0 4.29 33.59 37.88 OK
r-devel-linux-x86_64-debian-gcc 0.1.0 3.08 25.14 28.22 OK
r-devel-linux-x86_64-fedora-clang 0.1.0 59.08 NOTE
r-devel-linux-x86_64-fedora-gcc 0.1.0 56.67 NOTE
r-devel-windows-x86_64 0.1.0 6.00 53.00 59.00 OK
r-patched-linux-x86_64 0.1.0 4.04 32.24 36.28 OK
r-release-linux-x86_64 0.1.0 4.05 31.87 35.92 OK
r-release-macos-arm64 0.1.0 29.00 OK
r-release-macos-x86_64 0.1.0 36.00 OK
r-release-windows-x86_64 0.1.0 5.00 55.00 60.00 OK
r-oldrel-macos-arm64 0.1.0 25.00 OK
r-oldrel-macos-x86_64 0.1.0 40.00 OK
r-oldrel-windows-x86_64 0.1.0 6.00 61.00 67.00 OK

Check Details

Version: 0.1.0
Check: dependencies in R code
Result: NOTE Namespace in Imports field not imported from: ‘scales’ All declared Imports should be used. Flavors: r-devel-linux-x86_64-fedora-clang, r-devel-linux-x86_64-fedora-gcc