Last updated on 2025-02-06 19:49:22 CET.
Flavor | Version | Tinstall | Tcheck | Ttotal | Status | Flags |
---|---|---|---|---|---|---|
r-devel-linux-x86_64-debian-clang | 1.1.0 | 9.52 | 105.08 | 114.60 | NOTE | |
r-devel-linux-x86_64-debian-gcc | 1.1.0 | 6.34 | 73.49 | 79.83 | NOTE | |
r-devel-linux-x86_64-fedora-clang | 1.1.0 | 186.90 | NOTE | |||
r-devel-linux-x86_64-fedora-gcc | 1.1.0 | 185.57 | NOTE | |||
r-devel-windows-x86_64 | 1.1.0 | 12.00 | 107.00 | 119.00 | NOTE | |
r-patched-linux-x86_64 | 1.1.0 | 9.77 | 93.50 | 103.27 | OK | |
r-release-linux-x86_64 | 1.1.0 | 8.28 | 92.96 | 101.24 | OK | |
r-release-macos-arm64 | 1.1.0 | 53.00 | OK | |||
r-release-macos-x86_64 | 1.1.0 | 160.00 | OK | |||
r-release-windows-x86_64 | 1.1.0 | 11.00 | 112.00 | 123.00 | OK | |
r-oldrel-macos-arm64 | 1.1.0 | 66.00 | OK | |||
r-oldrel-macos-x86_64 | 1.1.0 | 88.00 | OK | |||
r-oldrel-windows-x86_64 | 1.1.0 | 14.00 | 129.00 | 143.00 | OK |
Version: 1.1.0
Check: DESCRIPTION meta-information
Result: NOTE
Missing dependency on R >= 4.1.0 because package code uses the pipe
|> or function shorthand \(...) syntax added in R 4.1.0.
File(s) using such syntax:
‘Artist.R’ ‘misc.R’ ‘prepare.R’ ‘sc.R’ ‘uniprot.R’
Flavors: r-devel-linux-x86_64-debian-clang, r-devel-linux-x86_64-debian-gcc, r-devel-linux-x86_64-fedora-clang, r-devel-linux-x86_64-fedora-gcc, r-devel-windows-x86_64