Last updated on 2025-02-17 08:50:48 CET.
Flavor | Version | Tinstall | Tcheck | Ttotal | Status | Flags |
---|---|---|---|---|---|---|
r-devel-linux-x86_64-debian-clang | 3.0.2 | 29.94 | 47.14 | 77.08 | NOTE | |
r-devel-linux-x86_64-debian-gcc | 3.0.2 | 21.55 | 35.44 | 56.99 | NOTE | |
r-devel-linux-x86_64-fedora-clang | 3.0.2 | 150.00 | NOTE | |||
r-devel-linux-x86_64-fedora-gcc | 3.0.2 | 149.95 | NOTE | |||
r-devel-macos-arm64 | 3.0.2 | 44.00 | NOTE | |||
r-devel-macos-x86_64 | 3.0.2 | 80.00 | NOTE | |||
r-devel-windows-x86_64 | 3.0.2 | 36.00 | 88.00 | 124.00 | NOTE | |
r-patched-linux-x86_64 | 3.0.2 | 30.84 | 44.90 | 75.74 | NOTE | |
r-release-linux-x86_64 | 3.0.2 | 32.42 | 45.32 | 77.74 | NOTE | |
r-release-macos-arm64 | 3.0.2 | 45.00 | NOTE | |||
r-release-macos-x86_64 | 3.0.2 | 59.00 | NOTE | |||
r-release-windows-x86_64 | 3.0.2 | 36.00 | 87.00 | 123.00 | NOTE | |
r-oldrel-macos-arm64 | 3.0.2 | 50.00 | OK | |||
r-oldrel-macos-x86_64 | 3.0.2 | 99.00 | OK | |||
r-oldrel-windows-x86_64 | 3.0.2 | 45.00 | 121.00 | 166.00 | OK |
Version: 3.0.2
Check: Rd files
Result: NOTE
checkRd: (-1) elo.run.Rd:80: Lost braces
80 | \code{\link{score}}, \link{elo.run.helpers}{elo.run helpers}, \code{\link{elo.calc}},
| ^
Flavors: r-devel-linux-x86_64-debian-clang, r-devel-linux-x86_64-debian-gcc, r-devel-linux-x86_64-fedora-clang, r-devel-linux-x86_64-fedora-gcc, r-devel-macos-arm64, r-devel-macos-x86_64, r-devel-windows-x86_64, r-patched-linux-x86_64, r-release-linux-x86_64, r-release-macos-arm64, r-release-macos-x86_64, r-release-windows-x86_64