Last updated on 2024-06-04 19:47:48 CEST.
Flavor | Version | Tinstall | Tcheck | Ttotal | Status | Flags |
---|---|---|---|---|---|---|
r-devel-linux-x86_64-debian-clang | 0.5.1 | 6.12 | 87.35 | 93.47 | NOTE | |
r-devel-linux-x86_64-debian-gcc | 0.5.1 | 4.31 | 62.97 | 67.28 | NOTE | |
r-devel-linux-x86_64-fedora-clang | 0.5.1 | 112.40 | NOTE | |||
r-devel-linux-x86_64-fedora-gcc | 0.5.1 | 118.34 | NOTE | |||
r-devel-windows-x86_64 | 0.5.1 | 7.00 | 85.00 | 92.00 | NOTE | |
r-patched-linux-x86_64 | 0.5.1 | 5.12 | 81.89 | 87.01 | NOTE | |
r-release-linux-x86_64 | 0.5.1 | 6.31 | 83.39 | 89.70 | NOTE | |
r-release-macos-arm64 | 0.5.1 | 43.00 | NOTE | |||
r-release-windows-x86_64 | 0.5.1 | 6.00 | 84.00 | 90.00 | NOTE | |
r-oldrel-macos-arm64 | 0.5.1 | 44.00 | NOTE | |||
r-oldrel-macos-x86_64 | 0.5.1 | 68.00 | NOTE | |||
r-oldrel-windows-x86_64 | 0.5.1 | 7.00 | 139.00 | 146.00 | NOTE |
Version: 0.5.1
Check: LazyData
Result: NOTE
'LazyData' is specified without a 'data' directory
Flavors: r-devel-linux-x86_64-debian-clang, r-devel-linux-x86_64-debian-gcc, r-devel-linux-x86_64-fedora-clang, r-devel-linux-x86_64-fedora-gcc, r-devel-windows-x86_64, r-patched-linux-x86_64, r-release-linux-x86_64, r-release-macos-arm64, r-release-windows-x86_64, r-oldrel-macos-arm64, r-oldrel-macos-x86_64, r-oldrel-windows-x86_64