Last updated on 2024-06-04 19:47:48 CEST.
Flavor | Version | Tinstall | Tcheck | Ttotal | Status | Flags |
---|---|---|---|---|---|---|
r-devel-linux-x86_64-debian-clang | 0.1.3 | 5.57 | 47.93 | 53.50 | NOTE | |
r-devel-linux-x86_64-debian-gcc | 0.1.3 | 3.88 | 35.92 | 39.80 | NOTE | |
r-devel-linux-x86_64-fedora-clang | 0.1.3 | 77.58 | NOTE | |||
r-devel-linux-x86_64-fedora-gcc | 0.1.3 | 71.31 | NOTE | |||
r-devel-windows-x86_64 | 0.1.3 | 6.00 | 56.00 | 62.00 | OK | |
r-patched-linux-x86_64 | 0.1.3 | 9.17 | 47.08 | 56.25 | NOTE | |
r-release-linux-x86_64 | 0.1.3 | 4.98 | 46.72 | 51.70 | NOTE | |
r-release-macos-arm64 | 0.1.3 | 25.00 | OK | |||
r-release-windows-x86_64 | 0.1.3 | 5.00 | 56.00 | 61.00 | OK | |
r-oldrel-macos-arm64 | 0.1.3 | 25.00 | OK | |||
r-oldrel-macos-x86_64 | 0.1.3 | 34.00 | OK | |||
r-oldrel-windows-x86_64 | 0.1.3 | 7.00 | 113.00 | 120.00 | OK |
Version: 0.1.3
Check: for non-standard things in the check directory
Result: NOTE
Found the following files/directories:
‘file.path(temp_dir, gp2.csv)’
Flavors: r-devel-linux-x86_64-debian-clang, r-devel-linux-x86_64-debian-gcc, r-devel-linux-x86_64-fedora-clang, r-devel-linux-x86_64-fedora-gcc, r-patched-linux-x86_64, r-release-linux-x86_64
Version: 0.1.3
Check: dependencies in R code
Result: NOTE
Namespace in Imports field not imported from: ‘knitr’
All declared Imports should be used.
Flavors: r-devel-linux-x86_64-fedora-clang, r-devel-linux-x86_64-fedora-gcc