Last updated on 2025-02-25 08:51:43 CET.
Flavor | Version | Tinstall | Tcheck | Ttotal | Status | Flags |
---|---|---|---|---|---|---|
r-devel-linux-x86_64-debian-clang | 2.0.80 | 30.58 | 233.64 | 264.22 | OK | |
r-devel-linux-x86_64-debian-gcc | 2.0.80 | 20.21 | 157.77 | 177.98 | OK | |
r-devel-linux-x86_64-fedora-clang | 2.0.80 | 424.34 | OK | |||
r-devel-linux-x86_64-fedora-gcc | 2.0.80 | 417.61 | OK | |||
r-devel-macos-arm64 | 2.0.80 | 87.00 | OK | |||
r-devel-macos-x86_64 | 2.0.80 | 233.00 | OK | |||
r-devel-windows-x86_64 | 2.0.80 | 31.00 | 227.00 | 258.00 | OK | |
r-patched-linux-x86_64 | 2.0.80 | 33.57 | 217.20 | 250.77 | OK | |
r-release-linux-x86_64 | 2.0.80 | 28.38 | 218.34 | 246.72 | OK | |
r-release-macos-arm64 | 2.0.80 | 117.00 | OK | |||
r-release-macos-x86_64 | 2.0.80 | 206.00 | OK | |||
r-release-windows-x86_64 | 2.0.80 | 32.00 | 223.00 | 255.00 | OK | |
r-oldrel-macos-arm64 | 2.0.80 | 15.00 | ERROR | |||
r-oldrel-macos-x86_64 | 2.0.80 | 286.00 | OK | |||
r-oldrel-windows-x86_64 | 2.0.80 | 43.00 | 282.00 | 325.00 | OK |
Version: 2.0.80
Check: whether package can be installed
Result: ERROR
Installation failed.
Flavor: r-oldrel-macos-arm64