Last updated on 2024-06-04 19:47:48 CEST.
Flavor | Version | Tinstall | Tcheck | Ttotal | Status | Flags |
---|---|---|---|---|---|---|
r-devel-linux-x86_64-debian-clang | 0.96 | 40.50 | 296.09 | 336.59 | NOTE | |
r-devel-linux-x86_64-debian-gcc | 0.96 | 24.88 | 199.01 | 223.89 | NOTE | |
r-devel-linux-x86_64-fedora-clang | 0.96 | 396.15 | NOTE | |||
r-devel-linux-x86_64-fedora-gcc | 0.96 | 401.44 | NOTE | |||
r-devel-windows-x86_64 | 0.96 | 34.00 | 256.00 | 290.00 | NOTE | |
r-patched-linux-x86_64 | 0.96 | 35.29 | 257.62 | 292.91 | NOTE | |
r-release-linux-x86_64 | 0.96 | 27.21 | 269.87 | 297.08 | NOTE | |
r-release-macos-arm64 | 0.96 | 108.00 | NOTE | |||
r-release-windows-x86_64 | 0.96 | 33.00 | 237.00 | 270.00 | NOTE | |
r-oldrel-macos-arm64 | 0.96 | 126.00 | OK | |||
r-oldrel-macos-x86_64 | 0.96 | 220.00 | OK | |||
r-oldrel-windows-x86_64 | 0.96 | 40.00 | 267.00 | 307.00 | OK |
Version: 0.96
Check: Rd files
Result: NOTE
checkRd: (-1) runSim.Rd:111: Lost braces
111 | \ifelse{html}{\out{<i>r</i><sub>1</sub> = 1}}{{\eqn{r_1 = 1}}{r_1 = 1}} while the individual with the lowest phenotypic value
| ^
checkRd: (-1) runSim.Rd:112: Lost braces
112 | is given the rank \ifelse{html}{\out{<i>r<sub>n</sub></i> = <i>n</i>}}{{\eqn{r_n = n}}{r_n = n}}), the probability of an individual
| ^
checkRd: (-1) runSim.Rd:120-122: Lost braces
120 | }{
| ^
Flavors: r-devel-linux-x86_64-debian-clang, r-devel-linux-x86_64-debian-gcc, r-devel-linux-x86_64-fedora-clang, r-devel-linux-x86_64-fedora-gcc, r-devel-windows-x86_64, r-patched-linux-x86_64, r-release-linux-x86_64, r-release-macos-arm64, r-release-windows-x86_64