Last updated on 2025-02-17 08:50:48 CET.
Flavor | Version | Tinstall | Tcheck | Ttotal | Status | Flags |
---|---|---|---|---|---|---|
r-devel-linux-x86_64-debian-clang | 2.2.16 | 17.29 | 107.72 | 125.01 | OK | |
r-devel-linux-x86_64-debian-gcc | 2.2.16 | 11.18 | 73.77 | 84.95 | OK | |
r-devel-linux-x86_64-fedora-clang | 2.2.16 | 216.65 | NOTE | |||
r-devel-linux-x86_64-fedora-gcc | 2.2.16 | 211.50 | NOTE | |||
r-devel-macos-arm64 | 2.2.16 | 99.00 | OK | |||
r-devel-macos-x86_64 | 2.2.16 | 144.00 | OK | |||
r-devel-windows-x86_64 | 2.2.16 | 18.00 | 130.00 | 148.00 | OK | |
r-patched-linux-x86_64 | 2.2.16 | 17.02 | 100.08 | 117.10 | NOTE | |
r-release-linux-x86_64 | 2.2.16 | 15.81 | 101.34 | 117.15 | NOTE | |
r-release-macos-arm64 | 2.2.16 | 94.00 | NOTE | |||
r-release-macos-x86_64 | 2.2.16 | 125.00 | NOTE | |||
r-release-windows-x86_64 | 2.2.16 | 18.00 | 135.00 | 153.00 | OK | |
r-oldrel-macos-arm64 | 2.2.16 | 97.00 | NOTE | |||
r-oldrel-macos-x86_64 | 2.2.16 | 176.00 | NOTE | |||
r-oldrel-windows-x86_64 | 2.2.16 | 25.00 | 157.00 | 182.00 | OK |
Version: 2.2.16
Check: dependencies in R code
Result: NOTE
Namespaces in Imports field not imported from:
‘httpuv’ ‘knitr’ ‘plyr’ ‘tidyverse’ ‘xml2’
All declared Imports should be used.
Flavors: r-devel-linux-x86_64-fedora-clang, r-devel-linux-x86_64-fedora-gcc
Version: 2.2.16
Check: package dependencies
Result: NOTE
Package suggested but not available for checking: ‘taskscheduleR’
Flavors: r-patched-linux-x86_64, r-release-linux-x86_64, r-release-macos-arm64, r-release-macos-x86_64, r-oldrel-macos-arm64, r-oldrel-macos-x86_64