CRAN Package Check Results for Package exploreR

Last updated on 2025-02-17 08:50:49 CET.

Flavor Version Tinstall Tcheck Ttotal Status Flags
r-devel-linux-x86_64-debian-clang 0.1 1.74 28.59 30.33 OK
r-devel-linux-x86_64-debian-gcc 0.1 1.55 22.78 24.33 OK
r-devel-linux-x86_64-fedora-clang 0.1 52.88 OK
r-devel-linux-x86_64-fedora-gcc 0.1 60.87 OK
r-devel-macos-arm64 0.1 26.00 OK
r-devel-macos-x86_64 0.1 47.00 OK
r-devel-windows-x86_64 0.1 4.00 48.00 52.00 OK
r-patched-linux-x86_64 0.1 1.87 27.62 29.49 NOTE
r-release-linux-x86_64 0.1 1.81 27.43 29.24 NOTE
r-release-macos-arm64 0.1 25.00 NOTE
r-release-macos-x86_64 0.1 37.00 NOTE
r-release-windows-x86_64 0.1 3.00 49.00 52.00 NOTE
r-oldrel-macos-arm64 0.1 25.00 NOTE
r-oldrel-macos-x86_64 0.1 35.00 NOTE
r-oldrel-windows-x86_64 0.1 4.00 58.00 62.00 NOTE

Check Details

Version: 0.1
Check: LazyData
Result: NOTE 'LazyData' is specified without a 'data' directory Flavors: r-patched-linux-x86_64, r-release-linux-x86_64, r-release-macos-arm64, r-release-macos-x86_64, r-release-windows-x86_64, r-oldrel-macos-arm64, r-oldrel-macos-x86_64, r-oldrel-windows-x86_64