Last updated on 2025-02-06 19:49:22 CET.
Flavor | Version | Tinstall | Tcheck | Ttotal | Status | Flags |
---|---|---|---|---|---|---|
r-devel-linux-x86_64-debian-clang | 1.0.2 | 28.71 | 159.61 | 188.32 | NOTE | |
r-devel-linux-x86_64-debian-gcc | 1.0.2 | 20.03 | 116.74 | 136.77 | NOTE | |
r-devel-linux-x86_64-fedora-clang | 1.0.2 | 325.74 | OK | |||
r-devel-linux-x86_64-fedora-gcc | 1.0.2 | 314.10 | OK | |||
r-devel-windows-x86_64 | 1.0.2 | 32.00 | 178.00 | 210.00 | NOTE | |
r-patched-linux-x86_64 | 1.0.2 | 33.72 | 150.08 | 183.80 | NOTE | |
r-release-linux-x86_64 | 1.0.2 | 29.71 | 149.96 | 179.67 | NOTE | |
r-release-macos-arm64 | 1.0.2 | 88.00 | NOTE | |||
r-release-macos-x86_64 | 1.0.2 | 141.00 | NOTE | |||
r-release-windows-x86_64 | 1.0.2 | 34.00 | 172.00 | 206.00 | NOTE | |
r-oldrel-macos-arm64 | 1.0.2 | 101.00 | NOTE | |||
r-oldrel-macos-x86_64 | 1.0.2 | 160.00 | NOTE | |||
r-oldrel-windows-x86_64 | 1.0.2 | 39.00 | 213.00 | 252.00 | NOTE |
Version: 1.0.2
Check: Rd cross-references
Result: NOTE
Found the following Rd file(s) with Rd \link{} targets missing package
anchors:
autoplot.ds_radf.Rd: ggplot2
Please provide package anchors for all Rd \link{} targets not in the
package itself and the base packages.
Flavors: r-devel-linux-x86_64-debian-clang, r-devel-linux-x86_64-debian-gcc, r-devel-windows-x86_64
Version: 1.0.2
Check: package dependencies
Result: NOTE
Package suggested but not available for checking: ‘exuberdata’
Flavors: r-patched-linux-x86_64, r-release-linux-x86_64, r-release-macos-arm64, r-release-macos-x86_64, r-release-windows-x86_64, r-oldrel-macos-arm64, r-oldrel-macos-x86_64, r-oldrel-windows-x86_64