Last updated on 2025-05-14 19:52:55 CEST.
Flavor | Version | Tinstall | Tcheck | Ttotal | Status | Flags |
---|---|---|---|---|---|---|
r-devel-linux-x86_64-debian-clang | 0.2.1 | 7.88 | 43.48 | 51.36 | NOTE | |
r-devel-linux-x86_64-debian-gcc | 0.2.1 | 5.08 | 34.12 | 39.20 | NOTE | |
r-devel-linux-x86_64-fedora-clang | 0.2.1 | 87.36 | NOTE | |||
r-devel-linux-x86_64-fedora-gcc | 0.2.1 | 92.17 | NOTE | |||
r-devel-windows-x86_64 | 0.2.1 | 12.00 | 73.00 | 85.00 | NOTE | |
r-patched-linux-x86_64 | 0.2.1 | 7.53 | 40.93 | 48.46 | NOTE | |
r-release-linux-x86_64 | 0.2.1 | 7.08 | 41.16 | 48.24 | NOTE | |
r-release-macos-arm64 | 0.2.1 | 34.00 | NOTE | |||
r-release-macos-x86_64 | 0.2.1 | 73.00 | NOTE | |||
r-release-windows-x86_64 | 0.2.1 | 13.00 | 73.00 | 86.00 | NOTE | |
r-oldrel-macos-arm64 | 0.2.1 | 32.00 | NOTE | |||
r-oldrel-macos-x86_64 | 0.2.1 | 59.00 | NOTE | |||
r-oldrel-windows-x86_64 | 0.2.1 | 13.00 | 80.00 | 93.00 | NOTE |
Version: 0.2.1
Check: Rd files
Result: NOTE
checkRd: (-1) simulation_model9.Rd:47: Lost braces; missing escapes or markup?
47 | \item{ci}{A vector of 2 values containing $c_{1i}$ and $c_{2i}$ in the contamination
| ^
checkRd: (-1) simulation_model9.Rd:47: Lost braces; missing escapes or markup?
47 | \item{ci}{A vector of 2 values containing $c_{1i}$ and $c_{2i}$ in the contamination
| ^
Flavors: r-devel-linux-x86_64-debian-clang, r-devel-linux-x86_64-debian-gcc, r-devel-linux-x86_64-fedora-clang, r-devel-linux-x86_64-fedora-gcc, r-devel-windows-x86_64, r-patched-linux-x86_64, r-release-linux-x86_64, r-release-macos-arm64, r-release-macos-x86_64, r-release-windows-x86_64, r-oldrel-macos-arm64, r-oldrel-macos-x86_64, r-oldrel-windows-x86_64