Last updated on 2024-06-04 19:47:49 CEST.
Flavor | Version | Tinstall | Tcheck | Ttotal | Status | Flags |
---|---|---|---|---|---|---|
r-devel-linux-x86_64-debian-clang | 1.0.0 | 4.39 | 51.03 | 55.42 | NOTE | |
r-devel-linux-x86_64-debian-gcc | 1.0.0 | 4.00 | 39.19 | 43.19 | NOTE | |
r-devel-linux-x86_64-fedora-clang | 1.0.0 | 72.47 | NOTE | |||
r-devel-linux-x86_64-fedora-gcc | 1.0.0 | 65.17 | NOTE | |||
r-devel-windows-x86_64 | 1.0.0 | 5.00 | 71.00 | 76.00 | NOTE | |
r-patched-linux-x86_64 | 1.0.0 | 3.46 | 48.33 | 51.79 | NOTE | |
r-release-linux-x86_64 | 1.0.0 | 4.01 | 48.92 | 52.93 | NOTE | |
r-release-macos-arm64 | 1.0.0 | 64.00 | NOTE | |||
r-release-windows-x86_64 | 1.0.0 | 6.00 | 71.00 | 77.00 | NOTE | |
r-oldrel-macos-arm64 | 1.0.0 | 56.00 | NOTE | |||
r-oldrel-macos-x86_64 | 1.0.0 | 65.00 | NOTE | |||
r-oldrel-windows-x86_64 | 1.0.0 | 8.00 | 132.00 | 140.00 | NOTE |
Version: 1.0.0
Check: package subdirectories
Result: NOTE
Problems with news in ‘NEWS.md’:
Cannot extract version info from the following section titles:
New Stuff
Flavors: r-devel-linux-x86_64-debian-clang, r-devel-linux-x86_64-debian-gcc, r-devel-linux-x86_64-fedora-clang, r-devel-linux-x86_64-fedora-gcc, r-devel-windows-x86_64, r-patched-linux-x86_64, r-release-linux-x86_64, r-release-macos-arm64, r-release-windows-x86_64, r-oldrel-macos-arm64, r-oldrel-macos-x86_64, r-oldrel-windows-x86_64
Version: 1.0.0
Check: LazyData
Result: NOTE
'LazyData' is specified without a 'data' directory
Flavors: r-devel-linux-x86_64-debian-clang, r-devel-linux-x86_64-debian-gcc, r-devel-linux-x86_64-fedora-clang, r-devel-linux-x86_64-fedora-gcc, r-devel-windows-x86_64, r-patched-linux-x86_64, r-release-linux-x86_64, r-release-macos-arm64, r-release-windows-x86_64, r-oldrel-macos-arm64, r-oldrel-macos-x86_64, r-oldrel-windows-x86_64
Version: 1.0.0
Check: dependencies in R code
Result: NOTE
Namespaces in Imports field not imported from:
‘rvest’ ‘stringi’
All declared Imports should be used.
Flavors: r-devel-linux-x86_64-fedora-clang, r-devel-linux-x86_64-fedora-gcc