Last updated on 2025-05-10 19:50:55 CEST.
Flavor | Version | Tinstall | Tcheck | Ttotal | Status | Flags |
---|---|---|---|---|---|---|
r-devel-linux-x86_64-debian-clang | 2.4-6 | 5.19 | 32.20 | 37.39 | NOTE | |
r-devel-linux-x86_64-debian-gcc | 2.4-6 | 3.68 | 26.01 | 29.69 | NOTE | |
r-devel-linux-x86_64-fedora-clang | 2.4-6 | 59.04 | OK | |||
r-devel-linux-x86_64-fedora-gcc | 2.4-6 | 69.43 | OK | |||
r-devel-windows-x86_64 | 2.4-6 | 9.00 | 74.00 | 83.00 | OK | |
r-patched-linux-x86_64 | 2.4-6 | 4.40 | 30.90 | 35.30 | OK | |
r-release-linux-x86_64 | 2.4-6 | 4.36 | 31.03 | 35.39 | OK | |
r-release-macos-arm64 | 2.4-6 | 31.00 | OK | |||
r-release-macos-x86_64 | 2.4-6 | 60.00 | OK | |||
r-release-windows-x86_64 | 2.4-6 | 11.00 | 74.00 | 85.00 | OK | |
r-oldrel-macos-arm64 | 2.4-6 | 32.00 | OK | |||
r-oldrel-macos-x86_64 | 2.4-6 | 127.00 | OK | |||
r-oldrel-windows-x86_64 | 2.4-6 | 9.00 | 67.00 | 76.00 | OK |
Version: 2.4-6
Check: CRAN incoming feasibility
Result: NOTE
Maintainer: ‘Roger D. Peng <roger.peng@austin.utexas.edu>’
No Authors@R field in DESCRIPTION.
Please add one, modifying
Authors@R: person(given = c("Roger", "D."),
family = "Peng",
role = c("aut", "cre"),
email = "roger.peng@austin.utexas.edu")
as necessary.
Flavors: r-devel-linux-x86_64-debian-clang, r-devel-linux-x86_64-debian-gcc