CRAN Package Check Results for Package flatxml

Last updated on 2025-02-07 08:51:21 CET.

Flavor Version Tinstall Tcheck Ttotal Status Flags
r-devel-linux-x86_64-debian-clang 0.1.1 2.54 36.14 38.68 OK
r-devel-linux-x86_64-debian-gcc 0.1.1 1.78 27.02 28.80 OK
r-devel-linux-x86_64-fedora-clang 0.1.1 63.09 NOTE
r-devel-linux-x86_64-fedora-gcc 0.1.1 60.12 NOTE
r-devel-windows-x86_64 0.1.1 5.00 65.00 70.00 OK
r-patched-linux-x86_64 0.1.1 3.28 34.23 37.51 NOTE
r-release-linux-x86_64 0.1.1 2.04 34.44 36.48 NOTE
r-release-macos-arm64 0.1.1 21.00 NOTE
r-release-macos-x86_64 0.1.1 32.00 NOTE
r-release-windows-x86_64 0.1.1 4.00 63.00 67.00 NOTE
r-oldrel-macos-arm64 0.1.1 23.00 NOTE
r-oldrel-macos-x86_64 0.1.1 31.00 NOTE
r-oldrel-windows-x86_64 0.1.1 4.00 72.00 76.00 NOTE

Check Details

Version: 0.1.1
Check: dependencies in R code
Result: NOTE Namespace in Imports field not imported from: ‘RCurl’ All declared Imports should be used. Flavors: r-devel-linux-x86_64-fedora-clang, r-devel-linux-x86_64-fedora-gcc

Version: 0.1.1
Check: LazyData
Result: NOTE 'LazyData' is specified without a 'data' directory Flavors: r-patched-linux-x86_64, r-release-linux-x86_64, r-release-macos-arm64, r-release-macos-x86_64, r-release-windows-x86_64, r-oldrel-macos-arm64, r-oldrel-macos-x86_64, r-oldrel-windows-x86_64