Last updated on 2025-02-17 08:50:49 CET.
Flavor | Version | Tinstall | Tcheck | Ttotal | Status | Flags |
---|---|---|---|---|---|---|
r-devel-linux-x86_64-debian-clang | 1.0.0 | 3.12 | 47.52 | 50.64 | NOTE | |
r-devel-linux-x86_64-debian-gcc | 1.0.0 | 2.23 | 36.00 | 38.23 | NOTE | |
r-devel-linux-x86_64-fedora-clang | 1.0.0 | 84.07 | OK | |||
r-devel-linux-x86_64-fedora-gcc | 1.0.0 | 92.12 | OK | |||
r-devel-macos-arm64 | 1.0.0 | 36.00 | OK | |||
r-devel-macos-x86_64 | 1.0.0 | 82.00 | OK | |||
r-devel-windows-x86_64 | 1.0.0 | 4.00 | 68.00 | 72.00 | NOTE | |
r-patched-linux-x86_64 | 1.0.0 | 2.75 | 46.10 | 48.85 | OK | |
r-release-linux-x86_64 | 1.0.0 | 3.08 | 45.97 | 49.05 | OK | |
r-release-macos-arm64 | 1.0.0 | 37.00 | OK | |||
r-release-macos-x86_64 | 1.0.0 | 51.00 | OK | |||
r-release-windows-x86_64 | 1.0.0 | 5.00 | 84.00 | 89.00 | OK | |
r-oldrel-macos-arm64 | 1.0.0 | 39.00 | OK | |||
r-oldrel-macos-x86_64 | 1.0.0 | 85.00 | OK | |||
r-oldrel-windows-x86_64 | 1.0.0 | 6.00 | 85.00 | 91.00 | OK |
Version: 1.0.0
Check: Rd cross-references
Result: NOTE
Found the following Rd file(s) with Rd \link{} targets missing package
anchors:
AICc.Rd: gam
Please provide package anchors for all Rd \link{} targets not in the
package itself and the base packages.
Flavors: r-devel-linux-x86_64-debian-clang, r-devel-linux-x86_64-debian-gcc, r-devel-windows-x86_64