Last updated on 2024-06-04 19:47:51 CEST.
Flavor | Version | Tinstall | Tcheck | Ttotal | Status | Flags |
---|---|---|---|---|---|---|
r-devel-linux-x86_64-debian-clang | 2.0.1 | 332.60 | 147.39 | 479.99 | OK | |
r-devel-linux-x86_64-debian-gcc | 2.0.1 | 218.50 | 110.71 | 329.21 | OK | |
r-devel-linux-x86_64-fedora-clang | 2.0.1 | 668.33 | OK | |||
r-devel-linux-x86_64-fedora-gcc | 2.0.1 | 703.55 | OK | |||
r-devel-windows-x86_64 | 2.0.1 | 238.00 | 186.00 | 424.00 | OK | |
r-patched-linux-x86_64 | 2.0.1 | 272.41 | 138.23 | 410.64 | WARN | |
r-release-linux-x86_64 | 2.0.1 | 272.12 | 143.85 | 415.97 | OK | |
r-release-macos-arm64 | 2.0.1 | 129.00 | NOTE | |||
r-release-windows-x86_64 | 2.0.1 | 236.00 | 185.00 | 421.00 | OK | |
r-oldrel-macos-arm64 | 2.0.1 | 130.00 | NOTE | |||
r-oldrel-macos-x86_64 | 2.0.1 | 217.00 | NOTE | |||
r-oldrel-windows-x86_64 | 2.0.1 | 289.00 | 216.00 | 505.00 | OK |
Version: 2.0.1
Check: re-building of vignette outputs
Result: WARN
Error(s) in re-building vignettes:
...
--- re-building ‘arrays.Rnw’ using knitr
Error: processing vignette 'arrays.Rnw' failed with diagnostics:
Running 'texi2dvi' on 'arrays.tex' failed.
LaTeX errors:
! Undefined control sequence.
l.181 \hldef
{hec} \hlkwb{<-} \hlkwd{c}\hldef{(}\hlnum{32}\hldef{,} \hlnum{53...
?
! Emergency stop.
l.181
End of file on the terminal!
! ==> Fatal error occurred, no output PDF file produced!
--- failed re-building ‘arrays.Rnw’
--- re-building ‘graphs_chapter.Rnw’ using knitr
Error: processing vignette 'graphs_chapter.Rnw' failed with diagnostics:
Running 'texi2dvi' on 'graphs_chapter.tex' failed.
LaTeX errors:
! Undefined control sequence.
l.200 \hlkwd{library}\hldef
{(gRbase)}
?
! Emergency stop.
! Emergency stop.
l.200
End of file on the terminal!
! ==> Fatal error occurred, no output PDF file produced!
--- failed re-building ‘graphs_chapter.Rnw’
SUMMARY: processing the following files failed:
‘arrays.Rnw’ ‘graphs_chapter.Rnw’
Error: Vignette re-building failed.
Execution halted
Flavor: r-patched-linux-x86_64
Version: 2.0.1
Check: installed package size
Result: NOTE
installed size is 11.8Mb
sub-directories of 1Mb or more:
data 1.3Mb
libs 9.3Mb
Flavors: r-release-macos-arm64, r-oldrel-macos-arm64, r-oldrel-macos-x86_64