Last updated on 2024-06-04 19:47:49 CEST.
Flavor | Version | Tinstall | Tcheck | Ttotal | Status | Flags |
---|---|---|---|---|---|---|
r-devel-linux-x86_64-debian-clang | 0.2.0 | 65.73 | 198.26 | 263.99 | OK | |
r-devel-linux-x86_64-debian-gcc | 0.2.0 | 60.42 | 150.19 | 210.61 | OK | |
r-devel-linux-x86_64-fedora-clang | 0.2.0 | 343.72 | OK | |||
r-devel-linux-x86_64-fedora-gcc | 0.2.0 | 392.68 | OK | |||
r-devel-windows-x86_64 | 0.2.0 | 59.00 | 185.00 | 244.00 | OK | |
r-patched-linux-x86_64 | 0.2.0 | 59.26 | 196.20 | 255.46 | OK | |
r-release-linux-x86_64 | 0.2.0 | 55.00 | 197.34 | 252.34 | OK | |
r-release-macos-arm64 | 0.2.0 | 111.00 | NOTE | |||
r-release-macos-x86_64 | 0.2.0 | 230.00 | NOTE | |||
r-release-windows-x86_64 | 0.2.0 | 56.00 | 185.00 | 241.00 | OK | |
r-oldrel-macos-arm64 | 0.2.0 | 115.00 | NOTE | |||
r-oldrel-macos-x86_64 | 0.2.0 | 232.00 | NOTE | |||
r-oldrel-windows-x86_64 | 0.2.0 | 71.00 | 246.00 | 317.00 | OK |
Version: 0.2.0
Check: installed package size
Result: NOTE
installed size is 25.8Mb
sub-directories of 1Mb or more:
doc 2.0Mb
libs 22.2Mb
Flavors: r-release-macos-arm64, r-release-macos-x86_64, r-oldrel-macos-arm64, r-oldrel-macos-x86_64