Last updated on 2024-06-04 19:47:50 CEST.
Flavor | Version | Tinstall | Tcheck | Ttotal | Status | Flags |
---|---|---|---|---|---|---|
r-devel-linux-x86_64-debian-clang | 0.8-0 | 271.27 | 480.03 | 751.30 | OK | |
r-devel-linux-x86_64-debian-gcc | 0.8-0 | 213.77 | 340.78 | 554.55 | OK | |
r-devel-linux-x86_64-fedora-clang | 0.8-0 | 992.21 | NOTE | |||
r-devel-linux-x86_64-fedora-gcc | 0.8-0 | 908.04 | OK | |||
r-devel-windows-x86_64 | 0.8-0 | 225.00 | 474.00 | 699.00 | NOTE | |
r-patched-linux-x86_64 | 0.8-0 | 290.45 | 452.83 | 743.28 | OK | |
r-release-linux-x86_64 | 0.8-0 | 203.15 | 456.46 | 659.61 | OK | |
r-release-macos-arm64 | 0.8-0 | 285.00 | NOTE | |||
r-release-macos-x86_64 | 0.8-0 | 783.00 | NOTE | |||
r-release-windows-x86_64 | 0.8-0 | 221.00 | 466.00 | 687.00 | NOTE | |
r-oldrel-macos-arm64 | 0.8-0 | 298.00 | NOTE | |||
r-oldrel-macos-x86_64 | 0.8-0 | 613.00 | NOTE | |||
r-oldrel-windows-x86_64 | 0.8-0 | 296.00 | 538.00 | 834.00 | NOTE |
Version: 0.8-0
Check: installed package size
Result: NOTE
installed size is 14.8Mb
sub-directories of 1Mb or more:
R 9.6Mb
extdata 2.6Mb
help 2.6Mb
Flavors: r-devel-linux-x86_64-fedora-clang, r-devel-windows-x86_64, r-release-macos-arm64, r-release-macos-x86_64, r-release-windows-x86_64, r-oldrel-macos-arm64, r-oldrel-macos-x86_64, r-oldrel-windows-x86_64