Last updated on 2024-06-04 19:47:50 CEST.
Flavor | Version | Tinstall | Tcheck | Ttotal | Status | Flags |
---|---|---|---|---|---|---|
r-devel-linux-x86_64-debian-clang | 0.0.0.2 | 3.18 | 26.59 | 29.77 | OK | |
r-devel-linux-x86_64-debian-gcc | 0.0.0.2 | 2.49 | 20.83 | 23.32 | OK | |
r-devel-linux-x86_64-fedora-clang | 0.0.0.2 | 37.29 | NOTE | |||
r-devel-linux-x86_64-fedora-gcc | 0.0.0.2 | 35.73 | NOTE | |||
r-devel-windows-x86_64 | 0.0.0.2 | 4.00 | 44.00 | 48.00 | OK | |
r-patched-linux-x86_64 | 0.0.0.2 | 2.88 | 25.32 | 28.20 | OK | |
r-release-linux-x86_64 | 0.0.0.2 | 3.31 | 26.15 | 29.46 | OK | |
r-release-macos-arm64 | 0.0.0.2 | 17.00 | OK | |||
r-release-macos-x86_64 | 0.0.0.2 | 36.00 | OK | |||
r-release-windows-x86_64 | 0.0.0.2 | 4.00 | 42.00 | 46.00 | OK | |
r-oldrel-macos-arm64 | 0.0.0.2 | 24.00 | OK | |||
r-oldrel-macos-x86_64 | 0.0.0.2 | 31.00 | OK | |||
r-oldrel-windows-x86_64 | 0.0.0.2 | 5.00 | 98.00 | 103.00 | OK |
Version: 0.0.0.2
Check: data for non-ASCII characters
Result: NOTE
Note: found 69 marked UTF-8 strings
Flavors: r-devel-linux-x86_64-fedora-clang, r-devel-linux-x86_64-fedora-gcc