Last updated on 2025-05-11 19:50:17 CEST.
Flavor | Version | Tinstall | Tcheck | Ttotal | Status | Flags |
---|---|---|---|---|---|---|
r-devel-linux-x86_64-debian-clang | 1.5-20 | 70.87 | 80.86 | 151.73 | OK | |
r-devel-linux-x86_64-debian-gcc | 1.5-20 | 51.13 | 54.12 | 105.25 | OK | |
r-devel-linux-x86_64-fedora-clang | 1.5-20 | 298.03 | OK | |||
r-devel-linux-x86_64-fedora-gcc | 1.5-20 | 319.14 | OK | |||
r-devel-windows-x86_64 | 1.5-20 | 92.00 | 127.00 | 219.00 | OK | |
r-patched-linux-x86_64 | 1.5-20 | 71.88 | 75.10 | 146.98 | OK | |
r-release-linux-x86_64 | 1.5-20 | 72.11 | 74.52 | 146.63 | OK | |
r-release-macos-arm64 | 1.5-20 | 66.00 | OK | |||
r-release-macos-x86_64 | 1.5-20 | 119.00 | OK | |||
r-release-windows-x86_64 | 1.5-20 | 105.00 | 125.00 | 230.00 | OK | |
r-oldrel-macos-arm64 | 1.5-20 | 80.00 | NOTE | |||
r-oldrel-macos-x86_64 | 1.5-20 | 122.00 | NOTE | |||
r-oldrel-windows-x86_64 | 1.5-20 | 105.00 | 150.00 | 255.00 | OK |
Version: 1.5-20
Check: installed package size
Result: NOTE
installed size is 6.1Mb
sub-directories of 1Mb or more:
libs 5.1Mb
Flavors: r-oldrel-macos-arm64, r-oldrel-macos-x86_64