Last updated on 2025-02-06 19:49:24 CET.
Flavor | Version | Tinstall | Tcheck | Ttotal | Status | Flags |
---|---|---|---|---|---|---|
r-devel-linux-x86_64-debian-clang | 1.0-1 | 5.46 | 54.16 | 59.62 | NOTE | |
r-devel-linux-x86_64-debian-gcc | 1.0-1 | 4.08 | 40.70 | 44.78 | NOTE | |
r-devel-linux-x86_64-fedora-clang | 1.0-1 | 107.33 | NOTE | |||
r-devel-linux-x86_64-fedora-gcc | 1.0-1 | 108.13 | NOTE | |||
r-devel-windows-x86_64 | 1.0-1 | 7.00 | 76.00 | 83.00 | NOTE | |
r-patched-linux-x86_64 | 1.0-1 | 4.83 | 50.50 | 55.33 | OK | |
r-release-linux-x86_64 | 1.0-1 | 4.77 | 49.94 | 54.71 | OK | |
r-release-macos-arm64 | 1.0-1 | 50.00 | OK | |||
r-release-macos-x86_64 | 1.0-1 | 64.00 | OK | |||
r-release-windows-x86_64 | 1.0-1 | 7.00 | 75.00 | 82.00 | OK | |
r-oldrel-macos-arm64 | 1.0-1 | 39.00 | OK | |||
r-oldrel-macos-x86_64 | 1.0-1 | 75.00 | OK | |||
r-oldrel-windows-x86_64 | 1.0-1 | 9.00 | 84.00 | 93.00 | OK |
Version: 1.0-1
Check: DESCRIPTION meta-information
Result: NOTE
Missing dependency on R >= 4.1.0 because package code uses the pipe
|> or function shorthand \(...) syntax added in R 4.1.0.
File(s) using such syntax:
‘query_gesla.R’
Flavors: r-devel-linux-x86_64-debian-clang, r-devel-linux-x86_64-debian-gcc, r-devel-linux-x86_64-fedora-clang, r-devel-linux-x86_64-fedora-gcc, r-devel-windows-x86_64