CRAN Package Check Results for Package gfcanalysis

Last updated on 2025-05-11 07:50:17 CEST.

Flavor Version Tinstall Tcheck Ttotal Status Flags
r-devel-linux-x86_64-debian-clang 1.8.0 31.29 255.03 286.32 NOTE
r-devel-linux-x86_64-debian-gcc 1.8.0 20.84 172.28 193.12 NOTE
r-devel-linux-x86_64-fedora-clang 1.8.0 463.54 OK
r-devel-linux-x86_64-fedora-gcc 1.8.0 507.98 OK
r-devel-windows-x86_64 1.8.0 29.00 207.00 236.00 NOTE
r-patched-linux-x86_64 1.8.0 31.50 258.96 290.46 NOTE
r-release-linux-x86_64 1.8.0 29.32 257.03 286.35 NOTE
r-release-macos-arm64 1.8.0 129.00 OK
r-release-macos-x86_64 1.8.0 215.00 OK
r-release-windows-x86_64 1.8.0 29.00 204.00 233.00 NOTE
r-oldrel-macos-arm64 1.8.0 98.00 OK
r-oldrel-macos-x86_64 1.8.0 173.00 OK
r-oldrel-windows-x86_64 1.8.0 41.00 287.00 328.00 OK

Check Details

Version: 1.8.0
Check: Rd cross-references
Result: NOTE Found the following Rd file(s) with Rd \link{} targets missing package anchors: extract_gfc.Rd: writeRaster scale_by_pixel_area.Rd: dataType scale_toar.Rd: writeRaster Please provide package anchors for all Rd \link{} targets not in the package itself and the base packages. Flavors: r-devel-linux-x86_64-debian-clang, r-devel-linux-x86_64-debian-gcc, r-devel-windows-x86_64, r-patched-linux-x86_64, r-release-linux-x86_64, r-release-windows-x86_64