Last updated on 2025-02-17 08:50:50 CET.
Flavor | Version | Tinstall | Tcheck | Ttotal | Status | Flags |
---|---|---|---|---|---|---|
r-devel-linux-x86_64-debian-clang | 0.2.5 | 7.84 | 101.90 | 109.74 | NOTE | |
r-devel-linux-x86_64-debian-gcc | 0.2.5 | 5.32 | 69.56 | 74.88 | NOTE | |
r-devel-linux-x86_64-fedora-clang | 0.2.5 | 178.87 | OK | |||
r-devel-linux-x86_64-fedora-gcc | 0.2.5 | 176.26 | OK | |||
r-devel-macos-arm64 | 0.2.5 | 52.00 | OK | |||
r-devel-macos-x86_64 | 0.2.5 | 103.00 | OK | |||
r-devel-windows-x86_64 | 0.2.5 | 9.00 | 100.00 | 109.00 | NOTE | |
r-patched-linux-x86_64 | 0.2.5 | 12.86 | 92.49 | 105.35 | OK | |
r-release-linux-x86_64 | 0.2.5 | 7.26 | 93.68 | 100.94 | OK | |
r-release-macos-arm64 | 0.2.5 | 48.00 | OK | |||
r-release-macos-x86_64 | 0.2.5 | 78.00 | OK | |||
r-release-windows-x86_64 | 0.2.5 | 10.00 | 101.00 | 111.00 | OK | |
r-oldrel-macos-arm64 | 0.2.5 | 56.00 | OK | |||
r-oldrel-macos-x86_64 | 0.2.5 | 96.00 | OK | |||
r-oldrel-windows-x86_64 | 0.2.5 | 12.00 | 115.00 | 127.00 | OK |
Version: 0.2.5
Check: Rd cross-references
Result: NOTE
Found the following Rd file(s) with Rd \link{} targets missing package
anchors:
ggdonut.Rd: geom_text_repel
ggnestedpie.Rd: geom_text_repel
ggpie.Rd: geom_text_repel
Please provide package anchors for all Rd \link{} targets not in the
package itself and the base packages.
Flavors: r-devel-linux-x86_64-debian-clang, r-devel-linux-x86_64-debian-gcc, r-devel-windows-x86_64