Last updated on 2025-02-17 08:50:50 CET.
Flavor | Version | Tinstall | Tcheck | Ttotal | Status | Flags |
---|---|---|---|---|---|---|
r-devel-linux-x86_64-debian-clang | 3.5.1 | 30.29 | 458.40 | 488.69 | NOTE | |
r-devel-linux-x86_64-debian-gcc | 3.5.1 | 17.70 | 295.05 | 312.75 | NOTE | |
r-devel-linux-x86_64-fedora-clang | 3.5.1 | 831.33 | OK | |||
r-devel-linux-x86_64-fedora-gcc | 3.5.1 | 735.45 | OK | |||
r-devel-macos-arm64 | 3.5.1 | 197.00 | OK | |||
r-devel-macos-x86_64 | 3.5.1 | 490.00 | OK | |||
r-devel-windows-x86_64 | 3.5.1 | 32.00 | 589.00 | 621.00 | NOTE | |
r-patched-linux-x86_64 | 3.5.1 | 37.88 | 419.44 | 457.32 | OK | |
r-release-linux-x86_64 | 3.5.1 | 28.32 | 419.45 | 447.77 | OK | |
r-release-macos-arm64 | 3.5.1 | 200.00 | NOTE | |||
r-release-macos-x86_64 | 3.5.1 | 324.00 | NOTE | |||
r-release-windows-x86_64 | 3.5.1 | 36.00 | 448.00 | 484.00 | NOTE | |
r-oldrel-macos-arm64 | 3.5.1 | 186.00 | NOTE | |||
r-oldrel-macos-x86_64 | 3.5.1 | 503.00 | NOTE | |||
r-oldrel-windows-x86_64 | 3.5.1 | 43.00 | 615.00 | 658.00 | NOTE |
Version: 3.5.1
Check: Rd cross-references
Result: NOTE
Found the following Rd file(s) with Rd \link{} targets missing package
anchors:
ggplot2-ggproto.Rd: gtable
ggplot_gtable.Rd: gtable
Please provide package anchors for all Rd \link{} targets not in the
package itself and the base packages.
Flavors: r-devel-linux-x86_64-debian-clang, r-devel-linux-x86_64-debian-gcc, r-devel-windows-x86_64
Version: 3.5.1
Check: installed package size
Result: NOTE
installed size is 6.5Mb
sub-directories of 1Mb or more:
R 2.1Mb
doc 2.3Mb
help 1.1Mb
Flavors: r-release-macos-arm64, r-release-macos-x86_64, r-release-windows-x86_64, r-oldrel-macos-arm64, r-oldrel-macos-x86_64, r-oldrel-windows-x86_64