CRAN Package Check Results for Package gprofiler2

Last updated on 2025-02-03 21:50:43 CET.

Flavor Version Tinstall Tcheck Ttotal Status Flags
r-devel-linux-x86_64-debian-clang 0.2.3 6.42 67.45 73.87 OK
r-devel-linux-x86_64-debian-gcc 0.2.3 4.36 35.67 40.03 ERROR
r-devel-linux-x86_64-fedora-clang 0.2.3 120.41 OK
r-devel-linux-x86_64-fedora-gcc 0.2.3 124.35 OK
r-devel-windows-x86_64 0.2.3 9.00 99.00 108.00 OK
r-patched-linux-x86_64 0.2.3 7.31 62.06 69.37 OK
r-release-linux-x86_64 0.2.3 6.79 61.75 68.54 OK
r-release-macos-arm64 0.2.3 87.00 OK
r-release-macos-x86_64 0.2.3 126.00 OK
r-release-windows-x86_64 0.2.3 8.00 97.00 105.00 OK
r-oldrel-macos-arm64 0.2.3 88.00 OK
r-oldrel-macos-x86_64 0.2.3 131.00 OK
r-oldrel-windows-x86_64 0.2.3 12.00 116.00 128.00 OK

Check Details

Version: 0.2.3
Check: examples
Result: ERROR Running examples in ‘gprofiler2-Ex.R’ failed The error most likely occurred in: > base::assign(".ptime", proc.time(), pos = "CheckExEnv") > ### Name: gconvert > ### Title: Gene ID conversion. > ### Aliases: gconvert > > ### ** Examples > > gconvert(c("POU5F1", "SOX2", "NANOG"), organism = "hsapiens", target="AFFY_HG_U133_PLUS_2") Error in gprofiler_request(url, body) : There's an issue with your request to g:Profiler. Error code: 503. Please double check your input. If this doesn't help, then check your internet connection or contact us with a reproducible example on biit.support@ut.ee Calls: gconvert -> gprofiler_request Execution halted Flavor: r-devel-linux-x86_64-debian-gcc

Version: 0.2.3
Check: re-building of vignette outputs
Result: ERROR Error(s) in re-building vignettes: ... --- re-building ‘gprofiler2.Rmd’ using rmarkdown Quitting from lines 115-122 [unnamed-chunk-3] (gprofiler2.Rmd) Error: processing vignette 'gprofiler2.Rmd' failed with diagnostics: There's an issue with your request to g:Profiler. Error code: 503. Please double check your input. If this doesn't help, then check your internet connection or contact us with a reproducible example on biit.support@ut.ee --- failed re-building ‘gprofiler2.Rmd’ SUMMARY: processing the following file failed: ‘gprofiler2.Rmd’ Error: Vignette re-building failed. Execution halted Flavor: r-devel-linux-x86_64-debian-gcc