Last updated on 2025-04-16 08:51:29 CEST.
Flavor | Version | Tinstall | Tcheck | Ttotal | Status | Flags |
---|---|---|---|---|---|---|
r-devel-linux-x86_64-debian-clang | 0.4-7 | 1.79 | 23.28 | 25.07 | NOTE | |
r-devel-linux-x86_64-debian-gcc | 0.4-7 | 1.48 | 19.06 | 20.54 | NOTE | |
r-devel-linux-x86_64-fedora-clang | 0.4-7 | 40.67 | NOTE | |||
r-devel-linux-x86_64-fedora-gcc | 0.4-7 | 52.42 | NOTE | |||
r-devel-windows-x86_64 | 0.4-7 | 3.00 | 60.00 | 63.00 | NOTE | |
r-patched-linux-x86_64 | 0.4-7 | 1.84 | 23.37 | 25.21 | NOTE | |
r-release-linux-x86_64 | 0.4-7 | 1.40 | 23.21 | 24.61 | NOTE | |
r-release-macos-arm64 | 0.4-7 | 24.00 | NOTE | |||
r-release-macos-x86_64 | 0.4-7 | 46.00 | NOTE | |||
r-release-windows-x86_64 | 0.4-7 | 3.00 | 66.00 | 69.00 | NOTE | |
r-oldrel-macos-arm64 | 0.4-7 | 29.00 | NOTE | |||
r-oldrel-macos-x86_64 | 0.4-7 | 54.00 | NOTE | |||
r-oldrel-windows-x86_64 | 0.4-7 | 4.00 | 62.00 | 66.00 | NOTE |
Version: 0.4-7
Check: DESCRIPTION meta-information
Result: NOTE
Malformed Description field: should contain one or more complete sentences.
Flavors: r-devel-linux-x86_64-debian-clang, r-devel-linux-x86_64-debian-gcc, r-devel-linux-x86_64-fedora-clang, r-devel-linux-x86_64-fedora-gcc, r-devel-windows-x86_64, r-patched-linux-x86_64, r-release-linux-x86_64, r-release-macos-arm64, r-release-macos-x86_64, r-release-windows-x86_64, r-oldrel-macos-arm64, r-oldrel-macos-x86_64, r-oldrel-windows-x86_64